{"id":4878,"date":"2020-11-20T10:33:13","date_gmt":"2020-11-20T10:33:13","guid":{"rendered":"https:\/\/spaziointeriore.com\/casaeditrice\/?page_id=4878"},"modified":"2020-11-20T10:36:42","modified_gmt":"2020-11-20T10:36:42","slug":"ferro-esposto","status":"publish","type":"page","link":"https:\/\/www.spaziointeriore.com\/casaeditrice\/ferro-esposto\/","title":{"rendered":"Ferro esposto"},"content":{"rendered":"<p>[vc_row][vc_column]<div class=\"columns_wrap sc_columns columns_nofluid sc_columns_count_2\"><div class=\"column-1_2 sc_column_item sc_column_item_1 odd first\" style=\"width:33%\"><figure class=\"sc_image  alignright sc_image_shape_square\"><img decoding=\"async\" data-src=\"https:\/\/www.spaziointeriore.com\/casaeditrice\/wp-content\/uploads\/2020\/11\/ferro-esposto.jpg\" alt=\"\" src=\"data:image\/svg+xml;base64,PHN2ZyB3aWR0aD0iMSIgaGVpZ2h0PSIxIiB4bWxucz0iaHR0cDovL3d3dy53My5vcmcvMjAwMC9zdmciPjwvc3ZnPg==\" class=\"lazyload\" style=\"--smush-placeholder-width: 114px; --smush-placeholder-aspect-ratio: 114\/200;\" \/><\/figure><\/div><div class=\"column-1_2 sc_column_item sc_column_item_2 even\"><h3 class=\"sc_title sc_title_regular margin_bottom_null\" style=\"color:#1a75bb;font-weight:900;font-size:2em;\">FERRO ESPOSTO<\/h3><h4 class=\"sc_title sc_title_regular\" style=\"font-weight:900;font-size:1.3em;\">FERRUCCIO NOBILE<\/h4>[vc_column_text]<strong>dal 17 Gennaio al 23 Febbraio 2014<\/strong>[\/vc_column_text]<\/div><\/div>[\/vc_column][\/vc_row][vc_row css=&#8221;.vc_custom_1605523445961{margin-top: 100px !important;}&#8221;][vc_column][vc_column_text]I disegni di Ferruccio Nobile mostrano quel che non vogliamo vedere ma che tanto andiamo cercando, in una lotta incessante con la nostra ombra che ci spinge e ci trattiene senza soluzione di continuit\u00e0. Ci\u00f2 che di pi\u00f9 oscuro e inammissibile coviamo dentro di noi deve essere svelato e affrontato per poi essere lasciato andare. Le atmosfere surreali, che riecheggiano Austin Osman Spare, e le costruzioni metafisiche sull\u2019orlo di un paese delle meraviglie post-Alice ormai trasandato e in rovina, ci coinvolgono in un viaggio transdimensionale in cui possiamo davvero liberarci dal tempo e dallo spazio e ritrovarci finalmente soli con noi stessi.[\/vc_column_text][\/vc_column][\/vc_row][vc_row][vc_column]<h4 class=\"sc_title sc_title_regular sc_align_left margin_top_medium\" style=\"text-align:left;color:#1a75bb;font-weight:700;font-size:1.3em;\">FERRUCCIO NOBILE<\/h4>[vc_column_text]<img decoding=\"async\" class=\"alignleft wp-image-4880 size-full lazyload\" style=\"--smush-placeholder-width: 123px; --smush-placeholder-aspect-ratio: 123\/200;margin-top: 0;\" data-src=\"https:\/\/spaziointeriore.com\/casaeditrice\/wp-content\/uploads\/2020\/11\/ferruccio-nobile-.jpg\" alt=\"\" width=\"123\" height=\"200\" src=\"data:image\/svg+xml;base64,PHN2ZyB3aWR0aD0iMSIgaGVpZ2h0PSIxIiB4bWxucz0iaHR0cDovL3d3dy53My5vcmcvMjAwMC9zdmciPjwvc3ZnPg==\" \/>I disegni di Ferruccio Nobile mostrano quel che non vogliamo vedere ma che tanto andiamo cercando, in una lotta incessante con la nostra ombra che ci spinge e ci trattiene senza soluzione di continuit\u00e0. Ci\u00f2 che di pi\u00f9 oscuro e inammissibile coviamo dentro di noi deve essere svelato e affrontato per poi essere lasciato andare. Le atmosfere surreali, che riecheggiano Austin Osman Spare, e le costruzioni metafisiche sull\u2019orlo di un paese delle meraviglie post-Alice ormai trasandato e in rovina, ci coinvolgono in un viaggio transdimensionale in cui possiamo davvero liberarci dal tempo e dallo spazio e ritrovarci finalmente soli con noi stessi.[\/vc_column_text][\/vc_column][\/vc_row]<\/p>\n","protected":false},"excerpt":{"rendered":"<p>[vc_row][vc_column][\/vc_column][\/vc_row][vc_row css=&#8221;.vc_custom_1605523445961{margin-top: 100px !important;}&#8221;][vc_column][vc_column_text]I disegni di Ferruccio Nobile mostrano quel che non vogliamo vedere ma che tanto andiamo cercando, in una lotta incessante con la nostra ombra che ci spinge [&hellip;]<\/p>\n","protected":false},"author":1,"featured_media":0,"parent":0,"menu_order":0,"comment_status":"closed","ping_status":"closed","template":"","meta":{"_acf_changed":false,"footnotes":""},"categories":[],"tags":[],"class_list":["post-4878","page","type-page","status-publish","hentry"],"acf":[],"_links":{"self":[{"href":"https:\/\/www.spaziointeriore.com\/casaeditrice\/wp-json\/wp\/v2\/pages\/4878","targetHints":{"allow":["GET"]}}],"collection":[{"href":"https:\/\/www.spaziointeriore.com\/casaeditrice\/wp-json\/wp\/v2\/pages"}],"about":[{"href":"https:\/\/www.spaziointeriore.com\/casaeditrice\/wp-json\/wp\/v2\/types\/page"}],"author":[{"embeddable":true,"href":"https:\/\/www.spaziointeriore.com\/casaeditrice\/wp-json\/wp\/v2\/users\/1"}],"replies":[{"embeddable":true,"href":"https:\/\/www.spaziointeriore.com\/casaeditrice\/wp-json\/wp\/v2\/comments?post=4878"}],"version-history":[{"count":0,"href":"https:\/\/www.spaziointeriore.com\/casaeditrice\/wp-json\/wp\/v2\/pages\/4878\/revisions"}],"wp:attachment":[{"href":"https:\/\/www.spaziointeriore.com\/casaeditrice\/wp-json\/wp\/v2\/media?parent=4878"}],"wp:term":[{"taxonomy":"category","embeddable":true,"href":"https:\/\/www.spaziointeriore.com\/casaeditrice\/wp-json\/wp\/v2\/categories?post=4878"},{"taxonomy":"post_tag","embeddable":true,"href":"https:\/\/www.spaziointeriore.com\/casaeditrice\/wp-json\/wp\/v2\/tags?post=4878"}],"curies":[{"name":"wp","href":"https:\/\/api.w.org\/{rel}","templated":true}]}}