{"id":6669,"date":"2024-07-15T07:51:01","date_gmt":"2024-07-15T07:51:01","guid":{"rendered":"https:\/\/www.spaziointeriore.com\/casaeditrice\/?page_id=6669"},"modified":"2024-07-15T07:51:01","modified_gmt":"2024-07-15T07:51:01","slug":"oltremondo","status":"publish","type":"page","link":"https:\/\/www.spaziointeriore.com\/casaeditrice\/oltremondo\/","title":{"rendered":"Oltremondo"},"content":{"rendered":"<p>[vc_row][vc_column]<div class=\"columns_wrap sc_columns columns_nofluid sc_columns_count_1 aboutus margin_bottom_huge\" style=\"text-align:center;\"><div class=\"column-1_1 sc_column_item sc_column_item_1 odd first\" style=\"width: 800px;\"><h4 class=\"sc_title sc_title_iconed sc_align_center margin_top_small\" style=\"text-align:center;\"><span class=\"sc_title_icon sc_title_icon_left  sc_title_icon_medium\"><img decoding=\"async\" data-src=\"https:\/\/www.spaziointeriore.com\/casaeditrice\/wp-content\/uploads\/2024\/07\/oltremondo_bianco.png\" alt=\"\" src=\"data:image\/svg+xml;base64,PHN2ZyB3aWR0aD0iMSIgaGVpZ2h0PSIxIiB4bWxucz0iaHR0cDovL3d3dy53My5vcmcvMjAwMC9zdmciPjwvc3ZnPg==\" class=\"lazyload\" style=\"--smush-placeholder-width: 912px; --smush-placeholder-aspect-ratio: 912\/912;\" \/><\/span><i>oltremondo<\/i><\/h4>[vc_column_text css=&#8221;.vc_custom_1721028649286{margin-bottom: 45px !important;}&#8221; el_class=&#8221;gp-text&#8221;]I confini sono solo nella mente, frutto dell\u2019ossessione umana di definire, delimitare, racchiudere ogni cosa dentro un perimetro, anche se questo poi diventa una gabbia. Ma \u00e8 parimenti nella natura umana voler sfidare quello stesso confine e muovere un passo oltre, in direzione di mondi e prospettive ancora da esplorare. E nell\u2019andare oltre il proprio mondo \u00e8 proficuo portare con s\u00e9 le riflessioni, idee, tecniche o pratiche che ci appartengono, affinch\u00e9, nell\u2019incontro con il diverso, possano generare qualcosa di nuovo.<br \/>\nLa collana Oltremondo nasce con l\u2019intento di spingere oltre la linea del confine geografico e linguistico i libri dei nostri autori italiani, affinch\u00e9 possano germogliare e dare frutti nel cuore e nella mente anche di lettori di lingue diverse.<\/p>\n<p>Boundaries exist only in the mind, a product of the human obsession to define, delimit, and enclose everything within a perimeter, even if it then becomes a cage. But it is equally in human nature to want to challenge that same boundary and take a step beyond, towards worlds and perspectives yet to be explored. And in going beyond our own world, it is beneficial to bring with us the reflections, ideas, techniques, or practices that belong to us, so that, in the encounter with the different, something new can be generated. The Oltremondo series was born with the intention of pushing beyond the geographical and linguistic boundaries the books of our Italian authors, so that they can germinate and bear fruit in the hearts and minds of readers of different languages as well.<\/p>\n<p>Los l\u00edmites est\u00e1n solo en la mente, fruto de la obsesi\u00f3n humana de definir, delimitar, encerrar cada cosa dentro de un per\u00edmetro, aunque luego se convierta en una jaula. Pero igualmente est\u00e1 en la naturaleza humana querer desafiar ese mismo l\u00edmite y dar un paso m\u00e1s all\u00e1, hacia mundos y perspectivas a\u00fan por explorar. Y al ir m\u00e1s all\u00e1 de nuestro propio mundo, es provechoso llevar con nosotros las reflexiones, ideas, t\u00e9cnicas o pr\u00e1cticas que nos pertenecen, para que, en el encuentro con lo diferente, puedan generar algo nuevo. La colecci\u00f3n Oltremondo nace con la intenci\u00f3n de llevar m\u00e1s all\u00e1 de la l\u00ednea del l\u00edmite geogr\u00e1fico y ling\u00fc\u00edstico los libros de nuestros autores italianos, para que puedan germinar y dar frutos en el coraz\u00f3n y la mente tambi\u00e9n de lectores de diferentes idiomas.[\/vc_column_text][vc_empty_space height=&#8221;1px&#8221;]<\/div><div class=\"column-1_1 sc_column_item sc_column_item_2 even\" style=\"width: 800px;\"><div class=\"woocommerce columns-4 \"><ul class=\"products columns-4\">\n<li class=\"product type-product post-6673 status-publish first instock product_cat-igor-sibaldi-cat product_cat-letteratura-di-risveglio-cat product_cat-oltremondo product_cat-ricerca-interiore-cat has-post-thumbnail shipping-taxable purchasable product-type-simple\">\n\t<a href=\"https:\/\/www.spaziointeriore.com\/casaeditrice\/catalogo\/trilogia-del-infinito\/\" class=\"woocommerce-LoopProduct-link woocommerce-loop-product__link\"><img decoding=\"async\" width=\"340\" height=\"520\" data-src=\"https:\/\/www.spaziointeriore.com\/casaeditrice\/wp-content\/uploads\/2024\/07\/trilogia-del-infinito-340x520.jpg\" class=\"attachment-woocommerce_thumbnail size-woocommerce_thumbnail lazyload\" alt=\"Trilog\u00eda del Infinito\" src=\"data:image\/svg+xml;base64,PHN2ZyB3aWR0aD0iMSIgaGVpZ2h0PSIxIiB4bWxucz0iaHR0cDovL3d3dy53My5vcmcvMjAwMC9zdmciPjwvc3ZnPg==\" style=\"--smush-placeholder-width: 340px; --smush-placeholder-aspect-ratio: 340\/520;\" \/><div class='gp-author-cat-view'><a href='https:\/\/www.spaziointeriore.com\/casaeditrice\/igor-sibaldi\/'>Igor Sibaldi<\/a><\/div><h2 class=\"woocommerce-loop-product__title\">Trilog\u00eda del Infinito<\/h2>\n\t<span class=\"price\"><span class=\"woocommerce-Price-amount amount\"><bdi>18,72<span class=\"woocommerce-Price-currencySymbol\">&euro;<\/span><\/bdi><\/span><\/span>\n<\/a><\/li>\n<li class=\"product type-product post-6676 status-publish instock product_cat-igor-sibaldi-cat product_cat-letteratura-di-risveglio-cat product_cat-oltremondo product_cat-ricerca-interiore-cat has-post-thumbnail shipping-taxable purchasable product-type-simple\">\n\t<a href=\"https:\/\/www.spaziointeriore.com\/casaeditrice\/catalogo\/trilogy-of-the-infinite\/\" class=\"woocommerce-LoopProduct-link woocommerce-loop-product__link\"><img decoding=\"async\" width=\"340\" height=\"520\" data-src=\"https:\/\/www.spaziointeriore.com\/casaeditrice\/wp-content\/uploads\/2024\/07\/trilogy-of-the-infinite-340x520.jpg\" class=\"attachment-woocommerce_thumbnail size-woocommerce_thumbnail lazyload\" alt=\"Trilogy of the Infinite\" src=\"data:image\/svg+xml;base64,PHN2ZyB3aWR0aD0iMSIgaGVpZ2h0PSIxIiB4bWxucz0iaHR0cDovL3d3dy53My5vcmcvMjAwMC9zdmciPjwvc3ZnPg==\" style=\"--smush-placeholder-width: 340px; --smush-placeholder-aspect-ratio: 340\/520;\" \/><div class='gp-author-cat-view'><a href='https:\/\/www.spaziointeriore.com\/casaeditrice\/igor-sibaldi\/'>Igor Sibaldi<\/a><\/div><h2 class=\"woocommerce-loop-product__title\">Trilogy of the Infinite<\/h2>\n\t<span class=\"price\"><span class=\"woocommerce-Price-amount amount\"><bdi>18,72<span class=\"woocommerce-Price-currencySymbol\">&euro;<\/span><\/bdi><\/span><\/span>\n<\/a><\/li>\n<\/ul>\n<\/div><\/div><\/div>[\/vc_column][\/vc_row]<\/p>\n","protected":false},"excerpt":{"rendered":"<p>[vc_row][vc_column][\/vc_column][\/vc_row]<\/p>\n","protected":false},"author":1,"featured_media":6670,"parent":0,"menu_order":5,"comment_status":"closed","ping_status":"closed","template":"","meta":{"_acf_changed":false,"footnotes":""},"categories":[148],"tags":[],"class_list":["post-6669","page","type-page","status-publish","has-post-thumbnail","hentry","category-collane"],"acf":[],"_links":{"self":[{"href":"https:\/\/www.spaziointeriore.com\/casaeditrice\/wp-json\/wp\/v2\/pages\/6669","targetHints":{"allow":["GET"]}}],"collection":[{"href":"https:\/\/www.spaziointeriore.com\/casaeditrice\/wp-json\/wp\/v2\/pages"}],"about":[{"href":"https:\/\/www.spaziointeriore.com\/casaeditrice\/wp-json\/wp\/v2\/types\/page"}],"author":[{"embeddable":true,"href":"https:\/\/www.spaziointeriore.com\/casaeditrice\/wp-json\/wp\/v2\/users\/1"}],"replies":[{"embeddable":true,"href":"https:\/\/www.spaziointeriore.com\/casaeditrice\/wp-json\/wp\/v2\/comments?post=6669"}],"version-history":[{"count":0,"href":"https:\/\/www.spaziointeriore.com\/casaeditrice\/wp-json\/wp\/v2\/pages\/6669\/revisions"}],"wp:featuredmedia":[{"embeddable":true,"href":"https:\/\/www.spaziointeriore.com\/casaeditrice\/wp-json\/wp\/v2\/media\/6670"}],"wp:attachment":[{"href":"https:\/\/www.spaziointeriore.com\/casaeditrice\/wp-json\/wp\/v2\/media?parent=6669"}],"wp:term":[{"taxonomy":"category","embeddable":true,"href":"https:\/\/www.spaziointeriore.com\/casaeditrice\/wp-json\/wp\/v2\/categories?post=6669"},{"taxonomy":"post_tag","embeddable":true,"href":"https:\/\/www.spaziointeriore.com\/casaeditrice\/wp-json\/wp\/v2\/tags?post=6669"}],"curies":[{"name":"wp","href":"https:\/\/api.w.org\/{rel}","templated":true}]}}

<p>[vc_row][vc_column]<div class="columns_wrap sc_columns columns_nofluid sc_columns_count_1 aboutus margin_bottom_huge" style="text-align:center;"><div class="column-1_1 sc_column_item sc_column_item_1 odd first" style="width: 800px;"><h4 class="sc_title sc_title_iconed sc_align_center margin_top_small" style="text-align:center;"><span class="sc_title_icon sc_title_icon_left  sc_title_icon_medium"><img decoding="async" data-src="https://www.spaziointeriore.com/casaeditrice/wp-content/uploads/2024/07/oltremondo_bianco.png" alt="" src="data:image/svg+xml;base64,PHN2ZyB3aWR0aD0iMSIgaGVpZ2h0PSIxIiB4bWxucz0iaHR0cDovL3d3dy53My5vcmcvMjAwMC9zdmciPjwvc3ZnPg==" class="lazyload" style="--smush-placeholder-width: 912px; --smush-placeholder-aspect-ratio: 912/912;" /></span><i>oltremondo</i></h4>[vc_column_text css=&#8221;.vc_custom_1721028649286{margin-bottom: 45px !important;}&#8221; el_class=&#8221;gp-text&#8221;]I confini sono solo nella mente, frutto dell’ossessione umana di definire, delimitare, racchiudere ogni cosa dentro un perimetro, anche se questo poi diventa una gabbia. Ma è parimenti nella natura umana voler sfidare quello stesso confine e muovere un passo oltre, in direzione di mondi e prospettive ancora da esplorare. E nell’andare oltre il proprio mondo è proficuo portare con sé le riflessioni, idee, tecniche o pratiche che ci appartengono, affinché, nell’incontro con il diverso, possano generare qualcosa di nuovo.<br />
La collana Oltremondo nasce con l’intento di spingere oltre la linea del confine geografico e linguistico i libri dei nostri autori italiani, affinché possano germogliare e dare frutti nel cuore e nella mente anche di lettori di lingue diverse.</p>
<p>Boundaries exist only in the mind, a product of the human obsession to define, delimit, and enclose everything within a perimeter, even if it then becomes a cage. But it is equally in human nature to want to challenge that same boundary and take a step beyond, towards worlds and perspectives yet to be explored. And in going beyond our own world, it is beneficial to bring with us the reflections, ideas, techniques, or practices that belong to us, so that, in the encounter with the different, something new can be generated. The Oltremondo series was born with the intention of pushing beyond the geographical and linguistic boundaries the books of our Italian authors, so that they can germinate and bear fruit in the hearts and minds of readers of different languages as well.</p>
<p>Los límites están solo en la mente, fruto de la obsesión humana de definir, delimitar, encerrar cada cosa dentro de un perímetro, aunque luego se convierta en una jaula. Pero igualmente está en la naturaleza humana querer desafiar ese mismo límite y dar un paso más allá, hacia mundos y perspectivas aún por explorar. Y al ir más allá de nuestro propio mundo, es provechoso llevar con nosotros las reflexiones, ideas, técnicas o prácticas que nos pertenecen, para que, en el encuentro con lo diferente, puedan generar algo nuevo. La colección Oltremondo nace con la intención de llevar más allá de la línea del límite geográfico y lingüístico los libros de nuestros autores italianos, para que puedan germinar y dar frutos en el corazón y la mente también de lectores de diferentes idiomas.[/vc_column_text][vc_empty_space height=&#8221;1px&#8221;]</div><div class="column-1_1 sc_column_item sc_column_item_2 even" style="width: 800px;"><div class="woocommerce columns-4 "><ul class="products columns-4">
<li class="product type-product post-6673 status-publish first instock product_cat-igor-sibaldi-cat product_cat-letteratura-di-risveglio-cat product_cat-oltremondo product_cat-ricerca-interiore-cat has-post-thumbnail shipping-taxable purchasable product-type-simple">
	<a href="https://www.spaziointeriore.com/casaeditrice/catalogo/trilogia-del-infinito/" class="woocommerce-LoopProduct-link woocommerce-loop-product__link"><img decoding="async" width="340" height="520" data-src="https://www.spaziointeriore.com/casaeditrice/wp-content/uploads/2024/07/trilogia-del-infinito-340x520.jpg" class="attachment-woocommerce_thumbnail size-woocommerce_thumbnail lazyload" alt="Trilogía del Infinito" src="data:image/svg+xml;base64,PHN2ZyB3aWR0aD0iMSIgaGVpZ2h0PSIxIiB4bWxucz0iaHR0cDovL3d3dy53My5vcmcvMjAwMC9zdmciPjwvc3ZnPg==" style="--smush-placeholder-width: 340px; --smush-placeholder-aspect-ratio: 340/520;" /><div class='gp-author-cat-view'><a href='https://www.spaziointeriore.com/casaeditrice/igor-sibaldi/'>Igor Sibaldi</a></div><h2 class="woocommerce-loop-product__title">Trilogía del Infinito</h2>
	<span class="price"><span class="woocommerce-Price-amount amount"><bdi>18,72<span class="woocommerce-Price-currencySymbol">&euro;</span></bdi></span></span>
</a></li>
<li class="product type-product post-6676 status-publish instock product_cat-igor-sibaldi-cat product_cat-letteratura-di-risveglio-cat product_cat-oltremondo product_cat-ricerca-interiore-cat has-post-thumbnail shipping-taxable purchasable product-type-simple">
	<a href="https://www.spaziointeriore.com/casaeditrice/catalogo/trilogy-of-the-infinite/" class="woocommerce-LoopProduct-link woocommerce-loop-product__link"><img decoding="async" width="340" height="520" data-src="https://www.spaziointeriore.com/casaeditrice/wp-content/uploads/2024/07/trilogy-of-the-infinite-340x520.jpg" class="attachment-woocommerce_thumbnail size-woocommerce_thumbnail lazyload" alt="Trilogy of the Infinite" src="data:image/svg+xml;base64,PHN2ZyB3aWR0aD0iMSIgaGVpZ2h0PSIxIiB4bWxucz0iaHR0cDovL3d3dy53My5vcmcvMjAwMC9zdmciPjwvc3ZnPg==" style="--smush-placeholder-width: 340px; --smush-placeholder-aspect-ratio: 340/520;" /><div class='gp-author-cat-view'><a href='https://www.spaziointeriore.com/casaeditrice/igor-sibaldi/'>Igor Sibaldi</a></div><h2 class="woocommerce-loop-product__title">Trilogy of the Infinite</h2>
	<span class="price"><span class="woocommerce-Price-amount amount"><bdi>18,72<span class="woocommerce-Price-currencySymbol">&euro;</span></bdi></span></span>
</a></li>
</ul>
</div></div></div>[/vc_column][/vc_row]</p>
