{"id":1818,"date":"2020-10-03T07:39:58","date_gmt":"2020-10-03T07:39:58","guid":{"rendered":"https:\/\/spaziointeriore.com\/casaeditrice\/?post_type=product&#038;p=1818"},"modified":"2022-05-17T09:32:24","modified_gmt":"2022-05-17T09:32:24","slug":"giaguaro-nel-corpo-farfalla-nel-cuore","status":"publish","type":"product","link":"https:\/\/www.spaziointeriore.com\/casaeditrice\/catalogo\/giaguaro-nel-corpo-farfalla-nel-cuore\/","title":{"rendered":"GIAGUARO NEL CORPO, FARFALLA NEL CUORE"},"content":{"rendered":"<p>Questo libro costituisce un antidoto alla cultura occidentale dello \u201csciamanesimo da fine settimana\u201d, che spesso considera lo sciamanesimo qualcosa di separato dalla vita quotidiana e dall\u2019azione concreta, utilizzandolo per rafforzare il proprio senso del s\u00e9 invece di affrontare il duro e spietato lavoro di guardare in faccia chi si \u00e8 veramente. Darling Kahn \u2013 narratore avvincente e straordinario, nonch\u00e9 uno dei pochi occidentali a essere stato riconosciuto come sciamano da maestri e anziani indigeni \u2013 accompagna il lettore in un viaggio indimenticabile nelle profondit\u00e0 dello sciamanesimo pi\u00f9 autentico e dei passi necessari per esservi iniziati. Questo splendido libro, pertanto, non \u00e8 solo un\u2019autobiografia sincera e spiritosa e una potente fonte di ispirazione, ma \u00e8 anche una guida per le persone di qualunque provenienza culturale e sociale che desiderino riscoprire le proprie radici e contribuire a creare un nuovo sogno per l\u2019umanit\u00e0, che renda pi\u00f9 benigna la nostra presenza su questo pianeta.<\/p>\n<p><em>\u00abLa mia intenzione non era scrivere un libro che invogliasse ad andare a caccia di draghi perdendosi in fantasie sciamaniche. N\u00e9 volevo scatenare una guerra ideologica, cercando di convincere il lettore che ci\u00f2 che \u00e8 vero per gli sciamani e per chi pratica lo sciamanesimo sia vero per chiunque. Non sarebbe di alcuna utilit\u00e0, cos\u00ec come non \u00e8 utile la pratica \u2013 fin troppo diffusa nell\u2019ambito della rivoluzione sciamanica \u2013 di vedere la mente razionale come il diavolo in persona. Semplicemente, spero che il mio percorso e i numerosi errori che ho commesso lungo la strada possano servire da guida per le tante persone di ogni tipo che si stanno dedicando all\u2019esplorazione dei rituali e delle pratiche sciamaniche\u00bb<\/em>.<\/p>\n","protected":false},"excerpt":{"rendered":"<p>Darling Kahn &#8212; narratore avvincente e straordinario, nonch\u00e9 uno dei pochi occidentali a essere stato riconosciuto come sciamano da maestri e anziani indigeni &#8212; accompagna il lettore in un viaggio indimenticabile nelle profondit\u00e0 dello sciamanesimo pi\u00f9 autentico e dei passi necessari per esservi iniziati.<\/p>\n","protected":false},"featured_media":3863,"template":"","meta":{"_acf_changed":false},"product_brand":[],"product_cat":[149,68,229,90,230,101],"product_tag":[],"class_list":{"0":"post-1818","1":"product","2":"type-product","3":"status-publish","4":"has-post-thumbnail","6":"product_cat-letteratura-di-risveglio-cat","7":"product_cat-nonordinari","8":"product_cat-piante-sacre-cat","9":"product_cat-ricerca-interiore-cat","10":"product_cat-sciamanesimo-cat","11":"product_cat-yaacov-darling-khan-cat","13":"first","14":"instock","15":"shipping-taxable","16":"purchasable","17":"product-type-simple"},"acf":[],"_links":{"self":[{"href":"https:\/\/www.spaziointeriore.com\/casaeditrice\/wp-json\/wp\/v2\/product\/1818","targetHints":{"allow":["GET"]}}],"collection":[{"href":"https:\/\/www.spaziointeriore.com\/casaeditrice\/wp-json\/wp\/v2\/product"}],"about":[{"href":"https:\/\/www.spaziointeriore.com\/casaeditrice\/wp-json\/wp\/v2\/types\/product"}],"wp:featuredmedia":[{"embeddable":true,"href":"https:\/\/www.spaziointeriore.com\/casaeditrice\/wp-json\/wp\/v2\/media\/3863"}],"wp:attachment":[{"href":"https:\/\/www.spaziointeriore.com\/casaeditrice\/wp-json\/wp\/v2\/media?parent=1818"}],"wp:term":[{"taxonomy":"product_brand","embeddable":true,"href":"https:\/\/www.spaziointeriore.com\/casaeditrice\/wp-json\/wp\/v2\/product_brand?post=1818"},{"taxonomy":"product_cat","embeddable":true,"href":"https:\/\/www.spaziointeriore.com\/casaeditrice\/wp-json\/wp\/v2\/product_cat?post=1818"},{"taxonomy":"product_tag","embeddable":true,"href":"https:\/\/www.spaziointeriore.com\/casaeditrice\/wp-json\/wp\/v2\/product_tag?post=1818"}],"curies":[{"name":"wp","href":"https:\/\/api.w.org\/{rel}","templated":true}]}}