{"id":2611,"date":"2020-10-03T07:39:04","date_gmt":"2020-10-03T07:39:04","guid":{"rendered":"https:\/\/spaziointeriore.com\/casaeditrice\/shop\/la-rivoluzione-della-coscienza\/"},"modified":"2020-10-03T07:39:04","modified_gmt":"2020-10-03T07:39:04","slug":"la-rivoluzione-della-coscienza","status":"publish","type":"product","link":"https:\/\/www.spaziointeriore.com\/casaeditrice\/catalogo\/la-rivoluzione-della-coscienza\/","title":{"rendered":"LA RIVOLUZIONE DELLA COSCIENZA"},"content":{"rendered":"<p>La rivoluzione della coscienza \u00e8 una discussione straordinaria fra tre delle pi\u00f9 brillanti menti del nostro tempo, arguta nei suoi scambi e ampia nella sua portata. Sebbene il nucleo alla base del dialogo sia la riflessione sulla pace nel mondo, Ervin Laszlo, Stanislav Grof e Peter Russell arrivano a parlare di crisi, trasformazione, obiettivi e valori, visioni del mondo, comprensione verso se stessi e gli altri, arte, scienza, religione e spiritualit\u00e0. Ma pi\u00f9 di tutto, arrivano a parlare dello stato della coscienza umana.<br \/>\nIn un entusiasmante botta e risposta, Laszlo, Grof e Russell si interrogano su come fare uso in maniera concreta ed efficace di ci\u00f2 che hanno definito \u00abla nuova mappa emergente della realt\u00e0\u00bb.<\/p>\n<p><em>\u00abLa nostra civilt\u00e0 nel suo insieme \u00e8 insostenibile. E la ragione della sua insostenibilit\u00e0 va ricercata nel fatto che il nostro sistema di valori, la coscienza con cui ci relazioniamo al mondo, \u00e8 una modalit\u00e0 insostenibile della coscienza\u00bb<\/em>.<\/p>\n","protected":false},"excerpt":{"rendered":"<p>La rivoluzione della coscienza \u00e8 una discussione straordinaria fra tre delle pi\u00f9 brillanti menti del nostro tempo, arguta nei suoi scambi e ampia nella sua portata. Sebbene il nucleo alla base del dialogo sia la riflessione sulla pace nel mondo, Ervin Laszlo, Stanislav Grof e Peter Russell arrivano a parlare di crisi, trasformazione, obiettivi e valori, visioni del mondo, comprensione verso se stessi e gli altri, arte, scienza, religione e spiritualit\u00e0. Ma pi\u00f9 di tutto, arrivano a parlare dello stato della coscienza umana.<\/p>\n","protected":false},"featured_media":3777,"template":"","meta":{"_acf_changed":false},"product_brand":[],"product_cat":[183,68,204,89,90,178],"product_tag":[],"class_list":{"0":"post-2611","1":"product","2":"type-product","3":"status-publish","4":"has-post-thumbnail","6":"product_cat-ervin-laszlo-cat","7":"product_cat-nonordinari","8":"product_cat-peter-russell-cat","9":"product_cat-psicologia-transpersonale-cat","10":"product_cat-ricerca-interiore-cat","11":"product_cat-stanislav-grof-cat","13":"first","14":"instock","15":"shipping-taxable","16":"purchasable","17":"product-type-simple"},"acf":[],"_links":{"self":[{"href":"https:\/\/www.spaziointeriore.com\/casaeditrice\/wp-json\/wp\/v2\/product\/2611","targetHints":{"allow":["GET"]}}],"collection":[{"href":"https:\/\/www.spaziointeriore.com\/casaeditrice\/wp-json\/wp\/v2\/product"}],"about":[{"href":"https:\/\/www.spaziointeriore.com\/casaeditrice\/wp-json\/wp\/v2\/types\/product"}],"wp:featuredmedia":[{"embeddable":true,"href":"https:\/\/www.spaziointeriore.com\/casaeditrice\/wp-json\/wp\/v2\/media\/3777"}],"wp:attachment":[{"href":"https:\/\/www.spaziointeriore.com\/casaeditrice\/wp-json\/wp\/v2\/media?parent=2611"}],"wp:term":[{"taxonomy":"product_brand","embeddable":true,"href":"https:\/\/www.spaziointeriore.com\/casaeditrice\/wp-json\/wp\/v2\/product_brand?post=2611"},{"taxonomy":"product_cat","embeddable":true,"href":"https:\/\/www.spaziointeriore.com\/casaeditrice\/wp-json\/wp\/v2\/product_cat?post=2611"},{"taxonomy":"product_tag","embeddable":true,"href":"https:\/\/www.spaziointeriore.com\/casaeditrice\/wp-json\/wp\/v2\/product_tag?post=2611"}],"curies":[{"name":"wp","href":"https:\/\/api.w.org\/{rel}","templated":true}]}}

<p>La rivoluzione della coscienza è una discussione straordinaria fra tre delle più brillanti menti del nostro tempo, arguta nei suoi scambi e ampia nella sua portata. Sebbene il nucleo alla base del dialogo sia la riflessione sulla pace nel mondo, Ervin Laszlo, Stanislav Grof e Peter Russell arrivano a parlare di crisi, trasformazione, obiettivi e valori, visioni del mondo, comprensione verso se stessi e gli altri, arte, scienza, religione e spiritualità. Ma più di tutto, arrivano a parlare dello stato della coscienza umana.<br />
In un entusiasmante botta e risposta, Laszlo, Grof e Russell si interrogano su come fare uso in maniera concreta ed efficace di ciò che hanno definito «la nuova mappa emergente della realtà».</p>
<p><em>«La nostra civiltà nel suo insieme è insostenibile. E la ragione della sua insostenibilità va ricercata nel fatto che il nostro sistema di valori, la coscienza con cui ci relazioniamo al mondo, è una modalità insostenibile della coscienza»</em>.</p>

<p>La rivoluzione della coscienza è una discussione straordinaria fra tre delle più brillanti menti del nostro tempo, arguta nei suoi scambi e ampia nella sua portata. Sebbene il nucleo alla base del dialogo sia la riflessione sulla pace nel mondo, Ervin Laszlo, Stanislav Grof e Peter Russell arrivano a parlare di crisi, trasformazione, obiettivi e valori, visioni del mondo, comprensione verso se stessi e gli altri, arte, scienza, religione e spiritualità. Ma più di tutto, arrivano a parlare dello stato della coscienza umana.</p>
