{"id":2627,"date":"2020-10-03T07:37:41","date_gmt":"2020-10-03T07:37:41","guid":{"rendered":"https:\/\/spaziointeriore.com\/casaeditrice\/shop\/il-mondo-felice-non-e-utopia\/"},"modified":"2020-10-03T07:37:41","modified_gmt":"2020-10-03T07:37:41","slug":"il-mondo-felice-non-e-utopia","status":"publish","type":"product","link":"https:\/\/www.spaziointeriore.com\/casaeditrice\/catalogo\/il-mondo-felice-non-e-utopia\/","title":{"rendered":"IL MONDO FELICE NON \u00c8 UTOPIA"},"content":{"rendered":"<p>Il mondo felice \u00e8 possibile. Qui e ora. Non \u00e8 n\u00e9 un sogno n\u00e9 un&#8217;utopia, ma un&#8217;idea concreta e realizzabile. Con lo stile frizzante e imprevedibile che lo caratterizza, Corrado Malanga ci mostra in che modo compiere i passi verso di essa, portando alle luce esempi del nostro vivere quotidiano, nel rapporto con la famiglia, le istituzioni, la societ\u00e0, l&#8217;educazione. La nostra evoluzione passa inevitabilmente attraverso un radicale cambiamento di ci\u00f2 che ci circonda, partendo per\u00f2 da noi stessi, attraverso un dialogo costante e sempre pi\u00f9 immediato con la nostra coscienza. Nel processo di consapevolezza, arriveremo a un punto in cui sapremo esattamente cosa ci \u00e8 utile e cosa invece possiamo lasciar andare, al fine di percorrere la via verso il mondo felice sempre pi\u00f9 leggeri e sempre pi\u00f9 liberi dai condizionamenti, dalle regole, dalle imposizioni e dalla realt\u00e0\u00a0virtuale\u00a0di cui \u00e8 stato per\u00f2 necessario fare esperienza.<\/p>\n<p><em>\u00abNel momento in cui ci prendiamo la responsabilit\u00e0 di noi stessi, iniziamo a giocare e a reimpossessarci della nostra giostra e ci rendiamo conto che l&#8217;abbiamo proprio costruita noi.\u00a0Tutto diventa all&#8217;improvviso incredibilmente divertente\u00bb<\/em>.<\/p>\n","protected":false},"excerpt":{"rendered":"<p>Il mondo felice \u00e8 possibile. Qui e ora. Non \u00e8 n\u00e9 un sogno n\u00e9 un&#8217;utopia, ma un&#8217;idea concreta e realizzabile. Con lo stile frizzante e imprevedibile che lo caratterizza, Corrado Malanga ci mostra in che modo compiere i passi verso di essa, portando alla luce esempi del nostro vivere quotidiano, nel rapporto con la famiglia, le istituzioni, la societ\u00e0, l&#8217;educazione.<\/p>\n","protected":false},"featured_media":4675,"template":"","meta":{"_acf_changed":false},"product_brand":[],"product_cat":[137,185,90,92],"product_tag":[],"class_list":{"0":"post-2627","1":"product","2":"type-product","3":"status-publish","4":"has-post-thumbnail","6":"product_cat-amuleti","7":"product_cat-corrado-malanga-cat","8":"product_cat-ricerca-interiore-cat","9":"product_cat-scienze-di-confine-cat","11":"first","12":"instock","13":"shipping-taxable","14":"purchasable","15":"product-type-simple"},"acf":[],"_links":{"self":[{"href":"https:\/\/www.spaziointeriore.com\/casaeditrice\/wp-json\/wp\/v2\/product\/2627","targetHints":{"allow":["GET"]}}],"collection":[{"href":"https:\/\/www.spaziointeriore.com\/casaeditrice\/wp-json\/wp\/v2\/product"}],"about":[{"href":"https:\/\/www.spaziointeriore.com\/casaeditrice\/wp-json\/wp\/v2\/types\/product"}],"wp:featuredmedia":[{"embeddable":true,"href":"https:\/\/www.spaziointeriore.com\/casaeditrice\/wp-json\/wp\/v2\/media\/4675"}],"wp:attachment":[{"href":"https:\/\/www.spaziointeriore.com\/casaeditrice\/wp-json\/wp\/v2\/media?parent=2627"}],"wp:term":[{"taxonomy":"product_brand","embeddable":true,"href":"https:\/\/www.spaziointeriore.com\/casaeditrice\/wp-json\/wp\/v2\/product_brand?post=2627"},{"taxonomy":"product_cat","embeddable":true,"href":"https:\/\/www.spaziointeriore.com\/casaeditrice\/wp-json\/wp\/v2\/product_cat?post=2627"},{"taxonomy":"product_tag","embeddable":true,"href":"https:\/\/www.spaziointeriore.com\/casaeditrice\/wp-json\/wp\/v2\/product_tag?post=2627"}],"curies":[{"name":"wp","href":"https:\/\/api.w.org\/{rel}","templated":true}]}}

IL MONDO FELICE NON È UTOPIA

<p>Il mondo felice è possibile. Qui e ora. Non è né un sogno né un&#8217;utopia, ma un&#8217;idea concreta e realizzabile. Con lo stile frizzante e imprevedibile che lo caratterizza, Corrado Malanga ci mostra in che modo compiere i passi verso di essa, portando alle luce esempi del nostro vivere quotidiano, nel rapporto con la famiglia, le istituzioni, la società, l&#8217;educazione. La nostra evoluzione passa inevitabilmente attraverso un radicale cambiamento di ciò che ci circonda, partendo però da noi stessi, attraverso un dialogo costante e sempre più immediato con la nostra coscienza. Nel processo di consapevolezza, arriveremo a un punto in cui sapremo esattamente cosa ci è utile e cosa invece possiamo lasciar andare, al fine di percorrere la via verso il mondo felice sempre più leggeri e sempre più liberi dai condizionamenti, dalle regole, dalle imposizioni e dalla realtà virtuale di cui è stato però necessario fare esperienza.</p>
<p><em>«Nel momento in cui ci prendiamo la responsabilità di noi stessi, iniziamo a giocare e a reimpossessarci della nostra giostra e ci rendiamo conto che l&#8217;abbiamo proprio costruita noi. Tutto diventa all&#8217;improvviso incredibilmente divertente»</em>.</p>

<p>Il mondo felice è possibile. Qui e ora. Non è né un sogno né un&#8217;utopia, ma un&#8217;idea concreta e realizzabile. Con lo stile frizzante e imprevedibile che lo caratterizza, Corrado Malanga ci mostra in che modo compiere i passi verso di essa, portando alla luce esempi del nostro vivere quotidiano, nel rapporto con la famiglia, le istituzioni, la società, l&#8217;educazione.</p>
