{"id":2659,"date":"2020-10-03T07:37:48","date_gmt":"2020-10-03T07:37:48","guid":{"rendered":"https:\/\/spaziointeriore.com\/casaeditrice\/shop\/il-tuo-aldila-personale\/"},"modified":"2022-02-07T15:40:54","modified_gmt":"2022-02-07T15:40:54","slug":"il-tuo-aldila-personale","status":"publish","type":"product","link":"https:\/\/www.spaziointeriore.com\/casaeditrice\/catalogo\/il-tuo-aldila-personale\/","title":{"rendered":"IL TUO ALDIL\u00c0 PERSONALE"},"content":{"rendered":"<p>Ci\u00f2 che tu sai di essere, ci\u00f2 che tu sai di potere, ci\u00f2 che tu sai di sapere e di desiderare, e che non \u00e8 affatto ci\u00f2 che tu veramente sei, e puoi, e sai e desideri, ma che ti impone ugualmente la propria autorit\u00e0, \u00e8 ci\u00f2 che Igor Sibaldi chiama Aut\u00f2s. L&#8217;Aut\u00f2s \u00e8 ci\u00f2 che sta Aldiqua, nell&#8217;orizzonte ristretto della mente ordinaria, e che ti fa credere che non esista niente Aldil\u00e0, cio\u00e8 niente che superi il confine da lui cerchiato.\u00a0In questo libro, scritto a partire dalla conferenza introduttiva ai Maestri Invisibili, Sibaldi mostra come ciascuno di noi possa andare nel proprio Aldil\u00e0 personale e cominciare a compiere scoperte illimitate. Pu\u00f2 succedere in tanti modi, attraverso il dialogo con gli Spiriti Guida o la meditazione Zen, con i metodi mistici della Kabbalah o dei Sufi. Qualunque sia il tuo modo, puoi creare un rapporto tra due livelli diversi di realt\u00e0 o, come direbbe la fisica, tra due livelli di potenziale, e vivere con un piede piantato Aldiqua e uno Altrove.<\/p>\n<p><em>\u00abVai avanti, entri nel tuo aldil\u00e0 personale, e cominci ad accorgerti che puoi superare delle soglie che prima neanche vedevi, e fare passi da gigante: dipende solo da te, dal tuo coraggio interiore.\u00a0Come trovare questo coraggio? Se ti accorgi che c\u2019\u00e8 una lotta tra te e l\u2019Aut\u00f2s e che ci vuole solo il coraggio per battere l\u2019Aut\u00f2s, impari anche come si fa a fare il coraggio.\u00a0A quel punto puoi voltarti a vedere se qualcuno ti segue, ma non fermarti a spiegare agli altri, perche\u00a0via via che sali ti accorgi che non \u00e8 nemmeno una gran salita. \u00c8 che gli altri, i molti \u2013 in mezzo ai quali c\u2019eri anche tu fino a poco fa \u2013 stanno precipitando, e che parlare con loro \u00e8 come parlare con un sasso che precipita nel vuoto. Per poter stare a portata di voce dovresti precipitare anche tu con loro, e non \u00e8 tua intenzione. O no?\u00bb<\/em><\/p>\n","protected":false},"excerpt":{"rendered":"<p>In questo libro, scritto a partire dalla conferenza introduttiva ai Maestri Invisibili, Sibaldi mostra come ciascuno di noi possa andare nel proprio Aldil\u00e0 personale e cominciare a compiere scoperte illimitate. Pu\u00f2 succedere in tanti modi, attraverso il dialogo con gli Spiriti Guida o la meditazione Zen, con i metodi mistici della Kabbalah o dei Sufi.<\/p>\n","protected":false},"featured_media":4697,"template":"","meta":{"_acf_changed":false},"product_brand":[],"product_cat":[137,211,90],"product_tag":[],"class_list":{"0":"post-2659","1":"product","2":"type-product","3":"status-publish","4":"has-post-thumbnail","6":"product_cat-amuleti","7":"product_cat-igor-sibaldi-cat","8":"product_cat-ricerca-interiore-cat","10":"first","11":"instock","12":"shipping-taxable","13":"purchasable","14":"product-type-simple"},"acf":[],"_links":{"self":[{"href":"https:\/\/www.spaziointeriore.com\/casaeditrice\/wp-json\/wp\/v2\/product\/2659","targetHints":{"allow":["GET"]}}],"collection":[{"href":"https:\/\/www.spaziointeriore.com\/casaeditrice\/wp-json\/wp\/v2\/product"}],"about":[{"href":"https:\/\/www.spaziointeriore.com\/casaeditrice\/wp-json\/wp\/v2\/types\/product"}],"wp:featuredmedia":[{"embeddable":true,"href":"https:\/\/www.spaziointeriore.com\/casaeditrice\/wp-json\/wp\/v2\/media\/4697"}],"wp:attachment":[{"href":"https:\/\/www.spaziointeriore.com\/casaeditrice\/wp-json\/wp\/v2\/media?parent=2659"}],"wp:term":[{"taxonomy":"product_brand","embeddable":true,"href":"https:\/\/www.spaziointeriore.com\/casaeditrice\/wp-json\/wp\/v2\/product_brand?post=2659"},{"taxonomy":"product_cat","embeddable":true,"href":"https:\/\/www.spaziointeriore.com\/casaeditrice\/wp-json\/wp\/v2\/product_cat?post=2659"},{"taxonomy":"product_tag","embeddable":true,"href":"https:\/\/www.spaziointeriore.com\/casaeditrice\/wp-json\/wp\/v2\/product_tag?post=2659"}],"curies":[{"name":"wp","href":"https:\/\/api.w.org\/{rel}","templated":true}]}}

IL TUO ALDILÀ PERSONALE

<p>Ciò che tu sai di essere, ciò che tu sai di potere, ciò che tu sai di sapere e di desiderare, e che non è affatto ciò che tu veramente sei, e puoi, e sai e desideri, ma che ti impone ugualmente la propria autorità, è ciò che Igor Sibaldi chiama Autòs. L&#8217;Autòs è ciò che sta Aldiqua, nell&#8217;orizzonte ristretto della mente ordinaria, e che ti fa credere che non esista niente Aldilà, cioè niente che superi il confine da lui cerchiato. In questo libro, scritto a partire dalla conferenza introduttiva ai Maestri Invisibili, Sibaldi mostra come ciascuno di noi possa andare nel proprio Aldilà personale e cominciare a compiere scoperte illimitate. Può succedere in tanti modi, attraverso il dialogo con gli Spiriti Guida o la meditazione Zen, con i metodi mistici della Kabbalah o dei Sufi. Qualunque sia il tuo modo, puoi creare un rapporto tra due livelli diversi di realtà o, come direbbe la fisica, tra due livelli di potenziale, e vivere con un piede piantato Aldiqua e uno Altrove.</p>
<p><em>«Vai avanti, entri nel tuo aldilà personale, e cominci ad accorgerti che puoi superare delle soglie che prima neanche vedevi, e fare passi da gigante: dipende solo da te, dal tuo coraggio interiore. Come trovare questo coraggio? Se ti accorgi che c’è una lotta tra te e l’Autòs e che ci vuole solo il coraggio per battere l’Autòs, impari anche come si fa a fare il coraggio. A quel punto puoi voltarti a vedere se qualcuno ti segue, ma non fermarti a spiegare agli altri, perche via via che sali ti accorgi che non è nemmeno una gran salita. È che gli altri, i molti – in mezzo ai quali c’eri anche tu fino a poco fa – stanno precipitando, e che parlare con loro è come parlare con un sasso che precipita nel vuoto. Per poter stare a portata di voce dovresti precipitare anche tu con loro, e non è tua intenzione. O no?»</em></p>

<p>In questo libro, scritto a partire dalla conferenza introduttiva ai Maestri Invisibili, Sibaldi mostra come ciascuno di noi possa andare nel proprio Aldilà personale e cominciare a compiere scoperte illimitate. Può succedere in tanti modi, attraverso il dialogo con gli Spiriti Guida o la meditazione Zen, con i metodi mistici della Kabbalah o dei Sufi.</p>
