{"id":2662,"date":"2020-10-03T07:37:49","date_gmt":"2020-10-03T07:37:49","guid":{"rendered":"https:\/\/spaziointeriore.com\/casaeditrice\/shop\/la-malattia-come-relazione-sospesa\/"},"modified":"2022-10-20T11:29:09","modified_gmt":"2022-10-20T11:29:09","slug":"la-malattia-come-relazione-sospesa","status":"publish","type":"product","link":"https:\/\/www.spaziointeriore.com\/casaeditrice\/catalogo\/la-malattia-come-relazione-sospesa\/","title":{"rendered":"LA MALATTIA COME RELAZIONE SOSPESA"},"content":{"rendered":"<p>\u00abPerch\u00e9 proprio questo sintomo (cio\u00e8, qual \u00e8 il suo senso biologico)?\u00bb \u00abPerch\u00e9 questo sintomo a me, ora, all\u2019interno della mia famiglia, nella mia personale esperienza?\u00bb Due domande davvero cruciali che da troppi anni sono rimaste senza risposte sensate e comprovabili, e alle quali \u00e8 finalmente possibile rispondere. Con il suo stile immediato e coinvolgente, l\u2019Autore presenta le fondamenta del lavoro delle Biocostellazioni, uno strumento di aiuto alla vita che applica le costellazioni familiari e spirituali ai sintomi, orientandosi su una base biologica, scientifica, verificabile e riproducibile. Anche attraverso alcuni esempi tratti dall\u2019esperienza concreta, viene fornita al lettore una serie di strumenti attraverso cui includere nella propria esperienza un nuovo livello: il sintomo e la malattia come relazioni sospese. Una malattia, infatti, \u00e8 sempre \u2013 a un qualche livello \u2013 una relazione interrotta, un movimento profondo che ha inizio nell\u2019anima e che si traduce, quale ultimo anello, in una fisiologia speciale nel corpo. Per venirne a capo, per guarire in un senso pi\u00f9 ampio, occorre recuperare questa relazione sospesa, integrarla.<\/p>\n<p><em>\u00abLa scelta di usare la parola \u201cmalattia\u201d per descrivere dei semplici sintomi nasce dal bisogno di riscrivere e ricodificare anche la percezione collettiva, per destrutturare il potente <em>totem<\/em> \u201cmalattia\u201d, un logo del terrore la cui sola evocazione verbale desta inquietudine. Non si tratta solo di comprensione: quando si giunge, con precisione millimetrica, alla causa esatta e reale di un sintomo, si \u00e8 gi\u00e0 in ogni caso davanti alla porta aperta sulla sua soluzione. Qui subentra il libero arbitrio, la responsabilit\u00e0 personale: avendo sperimentato qual \u00e8 la vera natura di una malattia, solo chi \u00e8 disposto ad assumersene davvero la responsabilit\u00e0 e ad attuare un\u2019eventuale modifica al proprio atteggiamento o adattamento, pu\u00f2 davvero <em>guarire<\/em> nel senso che noi attribuiamo comunemente a questa parola\u00bb<\/em>.<\/p>\n","protected":false},"excerpt":{"rendered":"<p>Un libro che getta nuova luce sulla malattia e sul sintomo, spiegando come &#8212; in funzione di una loro definitiva guarigione &#8212; trovare risposta alle domande decisive: \u00abPerch\u00e9 questo sintomo a me, ora, all&#8217;interno della mia famiglia, nella mia personale esperienza? Qual \u00e8 il suo senso biologico?\u00bb<\/p>\n","protected":false},"featured_media":4699,"template":"","meta":{"_acf_changed":false},"product_brand":[],"product_cat":[137,102,95],"product_tag":[],"class_list":{"0":"post-2662","1":"product","2":"type-product","3":"status-publish","4":"has-post-thumbnail","6":"product_cat-amuleti","7":"product_cat-gabriele-policardo-cat","8":"product_cat-guarigione-olistica-cat","10":"first","11":"instock","12":"shipping-taxable","13":"purchasable","14":"product-type-simple"},"acf":[],"_links":{"self":[{"href":"https:\/\/www.spaziointeriore.com\/casaeditrice\/wp-json\/wp\/v2\/product\/2662","targetHints":{"allow":["GET"]}}],"collection":[{"href":"https:\/\/www.spaziointeriore.com\/casaeditrice\/wp-json\/wp\/v2\/product"}],"about":[{"href":"https:\/\/www.spaziointeriore.com\/casaeditrice\/wp-json\/wp\/v2\/types\/product"}],"wp:featuredmedia":[{"embeddable":true,"href":"https:\/\/www.spaziointeriore.com\/casaeditrice\/wp-json\/wp\/v2\/media\/4699"}],"wp:attachment":[{"href":"https:\/\/www.spaziointeriore.com\/casaeditrice\/wp-json\/wp\/v2\/media?parent=2662"}],"wp:term":[{"taxonomy":"product_brand","embeddable":true,"href":"https:\/\/www.spaziointeriore.com\/casaeditrice\/wp-json\/wp\/v2\/product_brand?post=2662"},{"taxonomy":"product_cat","embeddable":true,"href":"https:\/\/www.spaziointeriore.com\/casaeditrice\/wp-json\/wp\/v2\/product_cat?post=2662"},{"taxonomy":"product_tag","embeddable":true,"href":"https:\/\/www.spaziointeriore.com\/casaeditrice\/wp-json\/wp\/v2\/product_tag?post=2662"}],"curies":[{"name":"wp","href":"https:\/\/api.w.org\/{rel}","templated":true}]}}

<p>«Perché proprio questo sintomo (cioè, qual è il suo senso biologico)?» «Perché questo sintomo a me, ora, all’interno della mia famiglia, nella mia personale esperienza?» Due domande davvero cruciali che da troppi anni sono rimaste senza risposte sensate e comprovabili, e alle quali è finalmente possibile rispondere. Con il suo stile immediato e coinvolgente, l’Autore presenta le fondamenta del lavoro delle Biocostellazioni, uno strumento di aiuto alla vita che applica le costellazioni familiari e spirituali ai sintomi, orientandosi su una base biologica, scientifica, verificabile e riproducibile. Anche attraverso alcuni esempi tratti dall’esperienza concreta, viene fornita al lettore una serie di strumenti attraverso cui includere nella propria esperienza un nuovo livello: il sintomo e la malattia come relazioni sospese. Una malattia, infatti, è sempre – a un qualche livello – una relazione interrotta, un movimento profondo che ha inizio nell’anima e che si traduce, quale ultimo anello, in una fisiologia speciale nel corpo. Per venirne a capo, per guarire in un senso più ampio, occorre recuperare questa relazione sospesa, integrarla.</p>
<p><em>«La scelta di usare la parola “malattia” per descrivere dei semplici sintomi nasce dal bisogno di riscrivere e ricodificare anche la percezione collettiva, per destrutturare il potente <em>totem</em> “malattia”, un logo del terrore la cui sola evocazione verbale desta inquietudine. Non si tratta solo di comprensione: quando si giunge, con precisione millimetrica, alla causa esatta e reale di un sintomo, si è già in ogni caso davanti alla porta aperta sulla sua soluzione. Qui subentra il libero arbitrio, la responsabilità personale: avendo sperimentato qual è la vera natura di una malattia, solo chi è disposto ad assumersene davvero la responsabilità e ad attuare un’eventuale modifica al proprio atteggiamento o adattamento, può davvero <em>guarire</em> nel senso che noi attribuiamo comunemente a questa parola»</em>.</p>

<p>Un libro che getta nuova luce sulla malattia e sul sintomo, spiegando come &#8212; in funzione di una loro definitiva guarigione &#8212; trovare risposta alle domande decisive: «Perché questo sintomo a me, ora, all&#8217;interno della mia famiglia, nella mia personale esperienza? Qual è il suo senso biologico?»</p>
