{"id":2665,"date":"2020-10-03T07:37:50","date_gmt":"2020-10-03T07:37:50","guid":{"rendered":"https:\/\/spaziointeriore.com\/casaeditrice\/shop\/breve-storia-del-tutto\/"},"modified":"2024-03-15T08:38:33","modified_gmt":"2024-03-15T08:38:33","slug":"breve-storia-del-tutto","status":"publish","type":"product","link":"https:\/\/www.spaziointeriore.com\/casaeditrice\/catalogo\/breve-storia-del-tutto\/","title":{"rendered":"BREVE STORIA DEL TUTTO"},"content":{"rendered":"<p>Breve storia del tutto presenta in forma rivista e aggiornata l&#8217;avvincente resoconto delle ricerche di Ken Wilber in merito al ruolo svolto dall&#8217;essere umano all&#8217;interno di un universo dinamico e interconnesso, fatto di materia, mente, anima e Spirito. Rispondendo alle domande del suo interlocutore in un linguaggio semplice e ricco di esemplificazioni, l&#8217;autore esamina il corso dell&#8217;evoluzione, intesa come manifestazione dello Spirito dalla materia alla vita biologica alla mente, fino a considerare gli stadi superiori di sviluppo della coscienza nei quali lo Spirito stesso diviene cosciente di s\u00e9. Attraverso il dialogo e il confronto, emerge la sua straordinaria prospettiva evolutiva in merito al \u201cgrande disegno\u201d dell&#8217;universo e a molte criticit\u00e0 controverse ancora irrisolte, quali la guerra di genere, il multiculturalismo, l&#8217;etica ambientale, il rapporto tra tecnologia ed ecologia, cultura e natura, trascendenza e immanenza, e le trasformazioni che interessano l&#8217;avvenire dell&#8217;intera umanit\u00e0.<\/p>\n<p><em>\u00abNelle pagine di questo libro troverete un buffet universale di possibilit\u00e0 umane disposte come uno scintillante arcobaleno, uno straordinario spettro dei vostri potenziali pi\u00f9 elevati e profondi. Questa mappa \u00e8 solamente un invito a esplorare gli ampi territori della vostra coscienza, i potenziali quasi illimitati del vostro essere e divenire, l&#8217;espansione pressoch\u00e9 infinita della vostra consapevolezza primordiale, per arrivare cos\u00ec nel luogo che non avete mai lasciato: la vostra natura pi\u00f9 profonda e il vostro volto originale\u00bb<\/em>.<\/p>\n","protected":false},"excerpt":{"rendered":"<p>Ken Wilber \u00e8 uno dei filosofi contemporanei pi\u00f9 apprezzati, in questo libro tratta in forma di conversazione i temi fondamentali di tutto il suo pensiero, rendendoli facilmente accessibili a tutti.<\/p>\n","protected":false},"featured_media":4701,"template":"","meta":{"_acf_changed":false},"product_brand":[],"product_cat":[139,219,89,92],"product_tag":[],"class_list":{"0":"post-2665","1":"product","2":"type-product","3":"status-publish","4":"has-post-thumbnail","6":"product_cat-karnak","7":"product_cat-ken-wilber-cat","8":"product_cat-psicologia-transpersonale-cat","9":"product_cat-scienze-di-confine-cat","11":"first","12":"instock","13":"shipping-taxable","14":"purchasable","15":"product-type-simple"},"acf":[],"_links":{"self":[{"href":"https:\/\/www.spaziointeriore.com\/casaeditrice\/wp-json\/wp\/v2\/product\/2665","targetHints":{"allow":["GET"]}}],"collection":[{"href":"https:\/\/www.spaziointeriore.com\/casaeditrice\/wp-json\/wp\/v2\/product"}],"about":[{"href":"https:\/\/www.spaziointeriore.com\/casaeditrice\/wp-json\/wp\/v2\/types\/product"}],"wp:featuredmedia":[{"embeddable":true,"href":"https:\/\/www.spaziointeriore.com\/casaeditrice\/wp-json\/wp\/v2\/media\/4701"}],"wp:attachment":[{"href":"https:\/\/www.spaziointeriore.com\/casaeditrice\/wp-json\/wp\/v2\/media?parent=2665"}],"wp:term":[{"taxonomy":"product_brand","embeddable":true,"href":"https:\/\/www.spaziointeriore.com\/casaeditrice\/wp-json\/wp\/v2\/product_brand?post=2665"},{"taxonomy":"product_cat","embeddable":true,"href":"https:\/\/www.spaziointeriore.com\/casaeditrice\/wp-json\/wp\/v2\/product_cat?post=2665"},{"taxonomy":"product_tag","embeddable":true,"href":"https:\/\/www.spaziointeriore.com\/casaeditrice\/wp-json\/wp\/v2\/product_tag?post=2665"}],"curies":[{"name":"wp","href":"https:\/\/api.w.org\/{rel}","templated":true}]}}