{"id":2775,"date":"2020-10-03T07:39:04","date_gmt":"2020-10-03T07:39:04","guid":{"rendered":"https:\/\/spaziointeriore.com\/casaeditrice\/shop\/desideriologia\/"},"modified":"2022-06-28T14:28:52","modified_gmt":"2022-06-28T14:28:52","slug":"desideriologia","status":"publish","type":"product","link":"https:\/\/www.spaziointeriore.com\/casaeditrice\/catalogo\/desideriologia\/","title":{"rendered":"DESIDERIOLOGIA"},"content":{"rendered":"<p>Tutti desiderano, eppure la maggior parte delle persone \u00e8 abituata a separare il piano del desiderare dal piano del realizzare, confondendo il desiderio con il sogno. Infatti, il desiderio \u00e8 una forza che tutti noi conosciamo e di cui facciamo esperienza, solo pochi per\u00f2 riescono a tradurre questa energia in realt\u00e0. Il libro racconta, esplora, descrive il desiderio e l\u2019arte di desiderare, la desideriologia, ovvero, discorso sul desiderio e dunque processo di crescita, comprensione e coscienza. Non si pu\u00f2 infatti desiderare senza cambiare. Il desiderio apre le porte a un viaggio sempre pi\u00f9 profondo nella nostra anima e nei regni cui siamo collegati, e a tutti coloro cui siamo correlati. Poich\u00e9 ciascuno di noi non \u00e8 che l\u2019ultimo elemento di un\u2019infinita catena di uomini e donne (genitori, nonni, antenati) e di esistenze.<\/p>\n<p><em>\u00abOccorre rivolgere l\u2019attenzione all\u2019interno, riappacificarsi con il sistema d\u2019origine, la famiglia e la nascita. Accettare il bisogno, affrontare la colpa, superare la paura. Saper ricordare e lasciarsi condurre\u00bb<\/em>.<\/p>\n","protected":false},"excerpt":{"rendered":"<p>Il libro racconta, esplora, descrive il desiderio e l&#8217;arte di desiderare, la desideriologia, ovvero, discorso sul desiderio e dunque processo di crescita, comprensione e coscienza. Non si pu\u00f2 infatti desiderare senza cambiare. Il desiderio apre le porte a un viaggio sempre pi\u00f9 profondo nella nostra anima e nei regni cui siamo collegati, e a tutti coloro cui siamo correlati. Poich\u00e9 ciascuno di noi non \u00e8 che l&#8217;ultimo elemento di un&#8217;infinita catena di uomini e donne (genitori, nonni, antenati) e di esistenze.<\/p>\n","protected":false},"featured_media":3767,"template":"","meta":{"_acf_changed":false},"product_brand":[],"product_cat":[102,68,90],"product_tag":[],"class_list":{"0":"post-2775","1":"product","2":"type-product","3":"status-publish","4":"has-post-thumbnail","6":"product_cat-gabriele-policardo-cat","7":"product_cat-nonordinari","8":"product_cat-ricerca-interiore-cat","10":"first","11":"instock","12":"shipping-taxable","13":"purchasable","14":"product-type-simple"},"acf":[],"_links":{"self":[{"href":"https:\/\/www.spaziointeriore.com\/casaeditrice\/wp-json\/wp\/v2\/product\/2775","targetHints":{"allow":["GET"]}}],"collection":[{"href":"https:\/\/www.spaziointeriore.com\/casaeditrice\/wp-json\/wp\/v2\/product"}],"about":[{"href":"https:\/\/www.spaziointeriore.com\/casaeditrice\/wp-json\/wp\/v2\/types\/product"}],"wp:featuredmedia":[{"embeddable":true,"href":"https:\/\/www.spaziointeriore.com\/casaeditrice\/wp-json\/wp\/v2\/media\/3767"}],"wp:attachment":[{"href":"https:\/\/www.spaziointeriore.com\/casaeditrice\/wp-json\/wp\/v2\/media?parent=2775"}],"wp:term":[{"taxonomy":"product_brand","embeddable":true,"href":"https:\/\/www.spaziointeriore.com\/casaeditrice\/wp-json\/wp\/v2\/product_brand?post=2775"},{"taxonomy":"product_cat","embeddable":true,"href":"https:\/\/www.spaziointeriore.com\/casaeditrice\/wp-json\/wp\/v2\/product_cat?post=2775"},{"taxonomy":"product_tag","embeddable":true,"href":"https:\/\/www.spaziointeriore.com\/casaeditrice\/wp-json\/wp\/v2\/product_tag?post=2775"}],"curies":[{"name":"wp","href":"https:\/\/api.w.org\/{rel}","templated":true}]}}