{"id":2787,"date":"2020-10-03T07:39:04","date_gmt":"2020-10-03T07:39:04","guid":{"rendered":"https:\/\/spaziointeriore.com\/casaeditrice\/shop\/dieci-obiezioni-ai-comandamenti\/"},"modified":"2020-10-03T07:39:04","modified_gmt":"2020-10-03T07:39:04","slug":"dieci-obiezioni-ai-comandamenti","status":"publish","type":"product","link":"https:\/\/www.spaziointeriore.com\/casaeditrice\/catalogo\/dieci-obiezioni-ai-comandamenti\/","title":{"rendered":"DIECI OBIEZIONI AI COMANDAMENTI"},"content":{"rendered":"<p>I dieci comandamenti sono i tab\u00f9 della religiosit\u00e0 e della coscienza, un confine posto all\u2019individuo al solo scopo di dare un orientamento alla sua crescita inte\u00adriore. E quanto pi\u00f9 profonda \u00e8 la religi\u00adosit\u00e0 di una cultura, di un individuo, di una classe sociale o di un popolo, tanto pi\u00f9 netta \u00e8 la percezione del disagio che \u00e8 dato da quei confini dei suoi tab\u00f9, dei suoi comandamenti. E tanto pi\u00f9 netto \u00e8, nella coscienza, lo sforzo di capire e dire quel disagio. In Dieci obiezioni ai comandamen\u00adti, Sibaldi parla da teologo, facendosi por\u00adtatore di una teologia totalmente slegata dalla religione, e provando a scardinare i rigidi schemi imposti dai comandamenti attraverso l\u2019esegesi dei pi\u00f9 importanti ro\u00admanzi della letteratura russa. Dieci forme di obiezione ai dieci comandamenti sono adoperate qui come chiavi di lettura di alcune problematiche fondamentali della cultura russa dell\u2019Otto e Novecento, ma soprattutto della societ\u00e0 contemporanea.<\/p>\n<p><em>\u00abE quanto pi\u00f9 profonda \u00e8 la religiosit\u00e0 di una cultura, di un individuo, di una classe sociale, o di un popolo, tanto pi\u00f9 netta \u00e8 la percezione del disagio che \u00e8 dato da quei confini dei suoi tab\u00f9, dei suoi comandamenti\u00bb<\/em>.<\/p>\n","protected":false},"excerpt":{"rendered":"<p>In Dieci obiezioni ai comandamenti, Sibaldi parla da teologo, facendosi portatore di una teologia totalmente slegata dalla religione, e provando a scardinare i rigidi schemi imposti dai comandamenti attraverso l&#8217;esegesi dei pi\u00f9 importanti romanzi della letteratura russa.<\/p>\n","protected":false},"featured_media":3775,"template":"","meta":{"_acf_changed":false},"product_brand":[],"product_cat":[211,149,68],"product_tag":[],"class_list":{"0":"post-2787","1":"product","2":"type-product","3":"status-publish","4":"has-post-thumbnail","6":"product_cat-igor-sibaldi-cat","7":"product_cat-letteratura-di-risveglio-cat","8":"product_cat-nonordinari","10":"first","11":"instock","12":"shipping-taxable","13":"purchasable","14":"product-type-simple"},"acf":[],"_links":{"self":[{"href":"https:\/\/www.spaziointeriore.com\/casaeditrice\/wp-json\/wp\/v2\/product\/2787","targetHints":{"allow":["GET"]}}],"collection":[{"href":"https:\/\/www.spaziointeriore.com\/casaeditrice\/wp-json\/wp\/v2\/product"}],"about":[{"href":"https:\/\/www.spaziointeriore.com\/casaeditrice\/wp-json\/wp\/v2\/types\/product"}],"wp:featuredmedia":[{"embeddable":true,"href":"https:\/\/www.spaziointeriore.com\/casaeditrice\/wp-json\/wp\/v2\/media\/3775"}],"wp:attachment":[{"href":"https:\/\/www.spaziointeriore.com\/casaeditrice\/wp-json\/wp\/v2\/media?parent=2787"}],"wp:term":[{"taxonomy":"product_brand","embeddable":true,"href":"https:\/\/www.spaziointeriore.com\/casaeditrice\/wp-json\/wp\/v2\/product_brand?post=2787"},{"taxonomy":"product_cat","embeddable":true,"href":"https:\/\/www.spaziointeriore.com\/casaeditrice\/wp-json\/wp\/v2\/product_cat?post=2787"},{"taxonomy":"product_tag","embeddable":true,"href":"https:\/\/www.spaziointeriore.com\/casaeditrice\/wp-json\/wp\/v2\/product_tag?post=2787"}],"curies":[{"name":"wp","href":"https:\/\/api.w.org\/{rel}","templated":true}]}}