{"id":2819,"date":"2020-10-03T07:39:35","date_gmt":"2020-10-03T07:39:35","guid":{"rendered":"https:\/\/spaziointeriore.com\/casaeditrice\/shop\/frammenti-di-un-insegnamento-psichedelico\/"},"modified":"2025-07-16T08:23:38","modified_gmt":"2025-07-16T08:23:38","slug":"frammenti-di-un-insegnamento-psichedelico","status":"publish","type":"product","link":"https:\/\/www.spaziointeriore.com\/casaeditrice\/catalogo\/frammenti-di-un-insegnamento-psichedelico\/","title":{"rendered":"FRAMMENTI DI UN INSEGNAMENTO PSICHEDELICO"},"content":{"rendered":"<p>Frutto di quindici anni di ricerche approfondite, questo libro \u00e8 l\u2019illuminante resoconto delle indagini svolte nel campo delle sostanze psichedeliche e delle piante psicoattive, presentato per\u00f2 con un taglio unico nel suo genere. Andando oltre la mera descrizione tecnica delle singole sostanze, infatti, l\u2019Autore accompagna il lettore nell\u2019analisi \u2013 chiara e senza compromessi \u2013 dello stato psichedelico, dall\u2019origine delle visioni alla comprensione profonda della natura stessa della vita umana, affinch\u00e9 sia possibile capire cosa effettivamente accade allorch\u00e9 si versi in tale stato: passaggio fondamentale per comprendere come sia possibile pervenire a un\u2019autentica guarigione attraverso l\u2019uso consapevole delle sostanze psichedeliche. Questo libro \u00e8 stato infatti ideato non tanto per disegnare una \u201cmappa\u201d degli psichedelici, quanto per fornire al lettore un piano ontologico di partenza, una vera guida di viaggio in questo territorio, innegabilmente strano e carico di rischi e difficolt\u00e0, ma al tempo stesso incredibilmente bello, appagante e dal grande potenziale curativo.<\/p>\n<p><em>\u00abUn approccio conscio e maturo agli psichedelici pone l\u2019accento sulla nostra capacit\u00e0 di creare senso nella nostra vita, sbloccando e lasciando andare ci\u00f2 che impedisce a questo senso di venire alla luce, attraverso un\u2019autoconsapevolezza facilitata dalle sostanze psichedeliche. Gli strati e i livelli della realizzazione di una persona sono molteplici e immensi, e ci\u00f2 che ognuno di noi \u00e8 chiamato a comprendere ed elaborare \u00e8 assolutamente unico\u00bb<\/em>.<\/p>\n","protected":false},"excerpt":{"rendered":"<p>Una vera guida di viaggio nel territorio misterioso e pieno di rischi, ma anche incredibilmente bello, appagante e dal grande potenziale curativo delle sostanze psichedeliche, delle piante psicoattive e della natura dello stato psichedelico.<\/p>\n","protected":false},"featured_media":3799,"template":"","meta":{"_acf_changed":false},"product_brand":[],"product_cat":[195,68,229,91,230],"product_tag":[],"class_list":{"0":"post-2819","1":"product","2":"type-product","3":"status-publish","4":"has-post-thumbnail","6":"product_cat-julian-palmer-cat","7":"product_cat-nonordinari","8":"product_cat-piante-sacre-cat","9":"product_cat-psichedelia-cat","10":"product_cat-sciamanesimo-cat","12":"first","13":"instock","14":"shipping-taxable","15":"purchasable","16":"product-type-simple"},"acf":[],"_links":{"self":[{"href":"https:\/\/www.spaziointeriore.com\/casaeditrice\/wp-json\/wp\/v2\/product\/2819","targetHints":{"allow":["GET"]}}],"collection":[{"href":"https:\/\/www.spaziointeriore.com\/casaeditrice\/wp-json\/wp\/v2\/product"}],"about":[{"href":"https:\/\/www.spaziointeriore.com\/casaeditrice\/wp-json\/wp\/v2\/types\/product"}],"wp:featuredmedia":[{"embeddable":true,"href":"https:\/\/www.spaziointeriore.com\/casaeditrice\/wp-json\/wp\/v2\/media\/3799"}],"wp:attachment":[{"href":"https:\/\/www.spaziointeriore.com\/casaeditrice\/wp-json\/wp\/v2\/media?parent=2819"}],"wp:term":[{"taxonomy":"product_brand","embeddable":true,"href":"https:\/\/www.spaziointeriore.com\/casaeditrice\/wp-json\/wp\/v2\/product_brand?post=2819"},{"taxonomy":"product_cat","embeddable":true,"href":"https:\/\/www.spaziointeriore.com\/casaeditrice\/wp-json\/wp\/v2\/product_cat?post=2819"},{"taxonomy":"product_tag","embeddable":true,"href":"https:\/\/www.spaziointeriore.com\/casaeditrice\/wp-json\/wp\/v2\/product_tag?post=2819"}],"curies":[{"name":"wp","href":"https:\/\/api.w.org\/{rel}","templated":true}]}}