{"id":2847,"date":"2020-10-03T07:39:35","date_gmt":"2020-10-03T07:39:35","guid":{"rendered":"https:\/\/spaziointeriore.com\/casaeditrice\/shop\/giuseppe-e-lo-sputafuoco\/"},"modified":"2020-10-03T07:39:35","modified_gmt":"2020-10-03T07:39:35","slug":"giuseppe-e-lo-sputafuoco","status":"publish","type":"product","link":"https:\/\/www.spaziointeriore.com\/casaeditrice\/catalogo\/giuseppe-e-lo-sputafuoco\/","title":{"rendered":"GIUSEPPE E LO SPUTAFUOCO"},"content":{"rendered":"<p>Giuseppe e lo Sputafuoco  \u00e8 una storia di coraggio e cambiamento. Narra di Spac\u00adcasquali, un bimbo di otto anni che, pur avendo nell\u2019anima un giardino rigoglioso deve fare i conti con il deserto della sua vita quotidiana: vive su una nave di pirati, circondato da persone aride e incattivite, che vedono il suo desiderio di vivere pie\u00adnamente se stesso come una minaccia da estirpare nel modo pi\u00f9 radicale. Tutti i pi\u00adrati, compresa la mamma Brucianemici e il capitano Picchiauomini, si sono arresi di fronte alla vita, scegliendo una triste e rab\u00adbiosa immobilit\u00e0. Ma Spaccasquali non si arrende e intraprende il cammino che lo porter\u00e0 a divenire pienamente se stesso. Con grande delicatezza, Davide Sibaldi affronta le emozioni pi\u00f9 forti e laceranti della vita, svelando come l\u2019amore per una madre imperfetta possa condurre a una reciproca crescita e quanto possa essere forte il legame tra padre e figlio.<br \/>\nGuarda il booktrailer!<\/p>\n<p><em>\u00abVorrei essere libero come quella nave all\u2019orizzonte ma fino ad ora non ho mai fatto nulla per esserlo veramente!\u00bb E rendendosi conto di questo fatto si sent\u00ec meschino. All\u2019inizio si rifiut\u00f2 di accettarlo. Ma poi ci riusc\u00ec. Lo ammise con se stesso e, dopo aver preso fiato, decise: \u00abAdesso basta, sono stufo di rimanere immobile come questi pirati. Da oggi lotter\u00f2 e sar\u00f2 quello che voglio essere!\u00bb<\/em><\/p>\n","protected":false},"excerpt":{"rendered":"<p>Con grande delicatezza, Davide Sibaldi affronta le emozioni pi\u00f9 forti e laceranti della vita, svelando come l&#8217;amore per una madre imperfetta possa condurre a una reciproca crescita e quanto possa essere forte il legame tra padre e figlio.<\/p>\n","protected":false},"featured_media":3817,"template":"","meta":{"_acf_changed":false},"product_brand":[],"product_cat":[85,210,138],"product_tag":[],"class_list":{"0":"post-2847","1":"product","2":"type-product","3":"status-publish","4":"has-post-thumbnail","6":"product_cat-bambino-interiore-cat","7":"product_cat-davide-sibaldi-cat","8":"product_cat-ghiande","10":"first","11":"instock","12":"shipping-taxable","13":"purchasable","14":"product-type-simple"},"acf":[],"_links":{"self":[{"href":"https:\/\/www.spaziointeriore.com\/casaeditrice\/wp-json\/wp\/v2\/product\/2847","targetHints":{"allow":["GET"]}}],"collection":[{"href":"https:\/\/www.spaziointeriore.com\/casaeditrice\/wp-json\/wp\/v2\/product"}],"about":[{"href":"https:\/\/www.spaziointeriore.com\/casaeditrice\/wp-json\/wp\/v2\/types\/product"}],"wp:featuredmedia":[{"embeddable":true,"href":"https:\/\/www.spaziointeriore.com\/casaeditrice\/wp-json\/wp\/v2\/media\/3817"}],"wp:attachment":[{"href":"https:\/\/www.spaziointeriore.com\/casaeditrice\/wp-json\/wp\/v2\/media?parent=2847"}],"wp:term":[{"taxonomy":"product_brand","embeddable":true,"href":"https:\/\/www.spaziointeriore.com\/casaeditrice\/wp-json\/wp\/v2\/product_brand?post=2847"},{"taxonomy":"product_cat","embeddable":true,"href":"https:\/\/www.spaziointeriore.com\/casaeditrice\/wp-json\/wp\/v2\/product_cat?post=2847"},{"taxonomy":"product_tag","embeddable":true,"href":"https:\/\/www.spaziointeriore.com\/casaeditrice\/wp-json\/wp\/v2\/product_tag?post=2847"}],"curies":[{"name":"wp","href":"https:\/\/api.w.org\/{rel}","templated":true}]}}

<p>Giuseppe e lo Sputafuoco  è una storia di coraggio e cambiamento. Narra di Spac­casquali, un bimbo di otto anni che, pur avendo nell’anima un giardino rigoglioso deve fare i conti con il deserto della sua vita quotidiana: vive su una nave di pirati, circondato da persone aride e incattivite, che vedono il suo desiderio di vivere pie­namente se stesso come una minaccia da estirpare nel modo più radicale. Tutti i pi­rati, compresa la mamma Brucianemici e il capitano Picchiauomini, si sono arresi di fronte alla vita, scegliendo una triste e rab­biosa immobilità. Ma Spaccasquali non si arrende e intraprende il cammino che lo porterà a divenire pienamente se stesso. Con grande delicatezza, Davide Sibaldi affronta le emozioni più forti e laceranti della vita, svelando come l’amore per una madre imperfetta possa condurre a una reciproca crescita e quanto possa essere forte il legame tra padre e figlio.<br />
Guarda il booktrailer!</p>
<p><em>«Vorrei essere libero come quella nave all’orizzonte ma fino ad ora non ho mai fatto nulla per esserlo veramente!» E rendendosi conto di questo fatto si sentì meschino. All’inizio si rifiutò di accettarlo. Ma poi ci riuscì. Lo ammise con se stesso e, dopo aver preso fiato, decise: «Adesso basta, sono stufo di rimanere immobile come questi pirati. Da oggi lotterò e sarò quello che voglio essere!»</em></p>

<p>Con grande delicatezza, Davide Sibaldi affronta le emozioni più forti e laceranti della vita, svelando come l&#8217;amore per una madre imperfetta possa condurre a una reciproca crescita e quanto possa essere forte il legame tra padre e figlio.</p>
