{"id":2856,"date":"2020-10-03T07:39:35","date_gmt":"2020-10-03T07:39:35","guid":{"rendered":"https:\/\/spaziointeriore.com\/casaeditrice\/shop\/dharma\/"},"modified":"2023-10-19T09:34:40","modified_gmt":"2023-10-19T09:34:40","slug":"dharma","status":"publish","type":"product","link":"https:\/\/www.spaziointeriore.com\/casaeditrice\/catalogo\/dharma\/","title":{"rendered":"DHARMA"},"content":{"rendered":"<p>Ogni elemento nell\u2019Universo prende parte a una danza: \u00e8 l\u2019alternanza degli opposti che si integrano e susseguono all\u2019infinito in una fusione costante di tutti gli elementi che genera realt\u00e0 diverse, affascinanti e imprevedibili. La lettura dei testi e la contemplazione dei dipinti contenuti in questo libro, accompagnati dall\u2019ascolto dei canti, appartenenti a tradizioni e popoli della Terra, ci conducono in un viaggio al di fuori dello spazio e del tempo, in una propulsione di immagini, suoni, colori e profumi che fanno parte della nostra memoria personale e collettiva. Il lettore viene guidato in un viaggio circolare che parte dal ciclo della gestazione e attraversa tutte le meravigliose tappe dell\u2019essere fino al ciclo della morte, e viceversa. 8 narrazioni e 8 dipinti per 8 brani, laddove l\u20198 simboleggia l\u2019Infinito, da leggere, contemplare e ascoltare liberamente: non esiste un inizio o una fine, tutto \u00e8 Uno. L\u2019esperienza risveglia ci\u00f2 che \u00e8 pronto per essere attivato e per ciascun lettore il viaggio sar\u00e0 davvero unico.<\/p>\n<p><em>\u00abPer Dharma si intende l\u2019essere in pieno equilibrio con tutti gli altri elementi cosmici nel qui e ora, assaporando il presente con tranquillit\u00e0, equilibrio e coerenza, e prescindendo dal concetto di ieri e di domani. Indica il muoversi e l\u2019agire in funzione del bene sia proprio che altrui, senza operare distinzioni tra le componenti del creato, appartengano esse al regno umano, minerale o animale. Esprime l\u2019essere autonomi e indipendenti, il saper generare abbondanza, per s\u00e9 e per gli altri, sul piano sia fisico che emotivo, nonch\u00e9 la capacit\u00e0 di portare avanti con serenit\u00e0 le azioni necessarie al miglioramento del pianeta e della collettivit\u00e0, nella costante consapevolezza che siamo di passaggio in un ologramma condiviso. Il mio augurio \u00e8 che l\u2019ascolto di questi canti, la lettura delle narrazioni e l\u2019osservazione delle immagini che li accompagnano possano ricordarci la bellezza del Pianeta Terra ed il valore di tutto ci\u00f2 di cui siamo parte\u00bb<\/em>.<\/p>\n","protected":false},"excerpt":{"rendered":"<p>Attraverso la lettura dei testi e la contemplazione dei dipinti contenuti in questo libro, accompagnati dall&#8217;ascolto di canti appartenenti a tradizioni e popoli della Terra, inizia un viaggio al di fuori dello spazio e del tempo, fin dentro la propria Essenza<\/p>\n","protected":false},"featured_media":3823,"template":"","meta":{"_acf_changed":false},"product_brand":[],"product_cat":[192,88,143],"product_tag":[],"class_list":{"0":"post-2856","1":"product","2":"type-product","3":"status-publish","4":"has-post-thumbnail","6":"product_cat-corinna-muzi-cat","7":"product_cat-musica-dello-spirito-cat","8":"product_cat-risonanze","10":"first","11":"instock","12":"shipping-taxable","13":"purchasable","14":"product-type-simple"},"acf":[],"_links":{"self":[{"href":"https:\/\/www.spaziointeriore.com\/casaeditrice\/wp-json\/wp\/v2\/product\/2856","targetHints":{"allow":["GET"]}}],"collection":[{"href":"https:\/\/www.spaziointeriore.com\/casaeditrice\/wp-json\/wp\/v2\/product"}],"about":[{"href":"https:\/\/www.spaziointeriore.com\/casaeditrice\/wp-json\/wp\/v2\/types\/product"}],"wp:featuredmedia":[{"embeddable":true,"href":"https:\/\/www.spaziointeriore.com\/casaeditrice\/wp-json\/wp\/v2\/media\/3823"}],"wp:attachment":[{"href":"https:\/\/www.spaziointeriore.com\/casaeditrice\/wp-json\/wp\/v2\/media?parent=2856"}],"wp:term":[{"taxonomy":"product_brand","embeddable":true,"href":"https:\/\/www.spaziointeriore.com\/casaeditrice\/wp-json\/wp\/v2\/product_brand?post=2856"},{"taxonomy":"product_cat","embeddable":true,"href":"https:\/\/www.spaziointeriore.com\/casaeditrice\/wp-json\/wp\/v2\/product_cat?post=2856"},{"taxonomy":"product_tag","embeddable":true,"href":"https:\/\/www.spaziointeriore.com\/casaeditrice\/wp-json\/wp\/v2\/product_tag?post=2856"}],"curies":[{"name":"wp","href":"https:\/\/api.w.org\/{rel}","templated":true}]}}

<p>Ogni elemento nell’Universo prende parte a una danza: è l’alternanza degli opposti che si integrano e susseguono all’infinito in una fusione costante di tutti gli elementi che genera realtà diverse, affascinanti e imprevedibili. La lettura dei testi e la contemplazione dei dipinti contenuti in questo libro, accompagnati dall’ascolto dei canti, appartenenti a tradizioni e popoli della Terra, ci conducono in un viaggio al di fuori dello spazio e del tempo, in una propulsione di immagini, suoni, colori e profumi che fanno parte della nostra memoria personale e collettiva. Il lettore viene guidato in un viaggio circolare che parte dal ciclo della gestazione e attraversa tutte le meravigliose tappe dell’essere fino al ciclo della morte, e viceversa. 8 narrazioni e 8 dipinti per 8 brani, laddove l’8 simboleggia l’Infinito, da leggere, contemplare e ascoltare liberamente: non esiste un inizio o una fine, tutto è Uno. L’esperienza risveglia ciò che è pronto per essere attivato e per ciascun lettore il viaggio sarà davvero unico.</p>
<p><em>«Per Dharma si intende l’essere in pieno equilibrio con tutti gli altri elementi cosmici nel qui e ora, assaporando il presente con tranquillità, equilibrio e coerenza, e prescindendo dal concetto di ieri e di domani. Indica il muoversi e l’agire in funzione del bene sia proprio che altrui, senza operare distinzioni tra le componenti del creato, appartengano esse al regno umano, minerale o animale. Esprime l’essere autonomi e indipendenti, il saper generare abbondanza, per sé e per gli altri, sul piano sia fisico che emotivo, nonché la capacità di portare avanti con serenità le azioni necessarie al miglioramento del pianeta e della collettività, nella costante consapevolezza che siamo di passaggio in un ologramma condiviso. Il mio augurio è che l’ascolto di questi canti, la lettura delle narrazioni e l’osservazione delle immagini che li accompagnano possano ricordarci la bellezza del Pianeta Terra ed il valore di tutto ciò di cui siamo parte»</em>.</p>
