{"id":2865,"date":"2020-10-03T07:39:36","date_gmt":"2020-10-03T07:39:36","guid":{"rendered":"https:\/\/spaziointeriore.com\/casaeditrice\/shop\/gli-infiniti-adesso-dellanima\/"},"modified":"2020-10-03T07:39:36","modified_gmt":"2020-10-03T07:39:36","slug":"gli-infiniti-adesso-dellanima","status":"publish","type":"product","link":"https:\/\/www.spaziointeriore.com\/casaeditrice\/catalogo\/gli-infiniti-adesso-dellanima\/","title":{"rendered":"GLI INFINITI ADESSO DELL&#8217;ANIMA"},"content":{"rendered":"<p>Ogni donna \u00e8 musa ispiratrice ed essa stessa forma d\u2019arte, e ciascuna pagina di questo libro \u00e8 il delicato e appassionato omaggio di Agostino Degas alle mille sfumature del femminile. Ritratti di donna in immagini e parole: dipinti magici e commoventi cui si affiancano descrizioni liriche, veri ritratti in poesia, che colgono l\u2019essenza di ogni straordinario aspetto dell\u2019essere donna. Una vera finestra dischiusa sul mondo del femminile, attraverso cui ogni uomo ne pu\u00f2 cogliere pienamente aspetti forse solo intuiti e ogni donna pu\u00f2 sentirsi, finalmente, vista e compresa nella sua meravigliosa complessit\u00e0.<br \/>\nCon 25 illustrazioni a colori di Massimo Poletti.<\/p>\n<p><em>\u00ab\u00c8 vero amore solo quando possiamo mostrarci come realmente siamo. Con\u00a0le nostre fragilit\u00e0, le nostre debolezze, le nostre cicatrici, senza avere il timore\u00a0che la persona amata possa mai usarle contro di noi. Chi ci ama non ci\u00a0chieder\u00e0 mai di rinunciare a noi stessi\u00bb<\/em>.<\/p>\n","protected":false},"excerpt":{"rendered":"<p>Ritratti di donna in immagini e parole: dipinti magici e commoventi cui si affiancano descrizioni liriche, veri ritratti in poesia, che colgono l&#8217;essenza di ogni straordinario aspetto dell&#8217;essere donna. Una vera finestra dischiusa sul mondo del femminile, attraverso cui ogni uomo ne pu\u00f2 cogliere pienamente aspetti forse solo intuiti e ogni donna pu\u00f2 sentirsi, finalmente, vista e compresa nella sua meravigliosa complessit\u00e0.<\/p>\n","protected":false},"featured_media":3829,"template":"","meta":{"_acf_changed":false},"product_brand":[],"product_cat":[168,146,149],"product_tag":[],"class_list":{"0":"post-2865","1":"product","2":"type-product","3":"status-publish","4":"has-post-thumbnail","6":"product_cat-agostino-degas-cat","7":"product_cat-fuori-collana","8":"product_cat-letteratura-di-risveglio-cat","10":"first","11":"instock","12":"shipping-taxable","13":"purchasable","14":"product-type-simple"},"acf":[],"_links":{"self":[{"href":"https:\/\/www.spaziointeriore.com\/casaeditrice\/wp-json\/wp\/v2\/product\/2865","targetHints":{"allow":["GET"]}}],"collection":[{"href":"https:\/\/www.spaziointeriore.com\/casaeditrice\/wp-json\/wp\/v2\/product"}],"about":[{"href":"https:\/\/www.spaziointeriore.com\/casaeditrice\/wp-json\/wp\/v2\/types\/product"}],"wp:featuredmedia":[{"embeddable":true,"href":"https:\/\/www.spaziointeriore.com\/casaeditrice\/wp-json\/wp\/v2\/media\/3829"}],"wp:attachment":[{"href":"https:\/\/www.spaziointeriore.com\/casaeditrice\/wp-json\/wp\/v2\/media?parent=2865"}],"wp:term":[{"taxonomy":"product_brand","embeddable":true,"href":"https:\/\/www.spaziointeriore.com\/casaeditrice\/wp-json\/wp\/v2\/product_brand?post=2865"},{"taxonomy":"product_cat","embeddable":true,"href":"https:\/\/www.spaziointeriore.com\/casaeditrice\/wp-json\/wp\/v2\/product_cat?post=2865"},{"taxonomy":"product_tag","embeddable":true,"href":"https:\/\/www.spaziointeriore.com\/casaeditrice\/wp-json\/wp\/v2\/product_tag?post=2865"}],"curies":[{"name":"wp","href":"https:\/\/api.w.org\/{rel}","templated":true}]}}