{"id":2876,"date":"2020-10-03T07:39:36","date_gmt":"2020-10-03T07:39:36","guid":{"rendered":"https:\/\/spaziointeriore.com\/casaeditrice\/shop\/sogni-ed-evoluzione\/"},"modified":"2020-10-03T07:39:36","modified_gmt":"2020-10-03T07:39:36","slug":"sogni-ed-evoluzione","status":"publish","type":"product","link":"https:\/\/www.spaziointeriore.com\/casaeditrice\/catalogo\/sogni-ed-evoluzione\/","title":{"rendered":"SOGNI ED EVOLUZIONE"},"content":{"rendered":"<p>Astrologo e ricercatore di chiara fama, Paolo Crimaldi ha elaborato un approccio personale e olistico all\u2019interpretazione dei sogni, che si pone in linea con la sua terapia karmica. Il sogno non rappresenta soltanto una costellazione di significati e simboli da interpretare secondo lo schema psicologico classico, ma pu\u00f2 nascondere una matrice legata alle passate esistenze del sognatore. Questo libro pu\u00f2 aiutare chi desidera esplorare il mondo dei sogni da una prospettiva differente rispetto a quelle gi\u00e0 conosciute, e aprirsi a una visione olistica ed evolutiva di un fenomeno della vita psichica che sin dalla preistoria ha affascinato l\u2019uomo, e che lo ha spinto a elaborare teorie e possibili interpretazioni al fine di rendere il sogno un attivo e utile compagno di vita.<\/p>\n<p><em>\u00abL\u2019interpretazione \u2013 pur suggestiva e profonda \u2013 che in ambito psicologico viene data ai sogni, rappresenta solo uno dei possibili approcci alla loro lettura. Non esiste una interpretazione dei sogni, ma esistono pi\u00f9 interpretazioni, e ognuna mantiene la sua validit\u00e0 e utilit\u00e0, soprattutto in relazione alla risposta e al beneficio apportato al sognatore\u00bb<\/em>.<\/p>\n","protected":false},"excerpt":{"rendered":"<p>Questo libro pu\u00f2 aiutare chi desidera esplorare il mondo dei sogni da una prospettiva differente rispetto a quelle gi\u00e0 conosciute, e aprirsi a una visione olistica ed evolutiva di un fenomeno della vita psichica che sin dalla preistoria ha affascinato l&#8217;uomo, e che lo ha spinto a elaborare teorie e possibili interpretazioni al fine di rendere il sogno un attivo e utile compagno di vita.<\/p>\n","protected":false},"featured_media":3836,"template":"","meta":{"_acf_changed":false},"product_brand":[],"product_cat":[86,146,167,89],"product_tag":[],"class_list":{"0":"post-2876","1":"product","2":"type-product","3":"status-publish","4":"has-post-thumbnail","6":"product_cat-dimensioni-della-coscienza-cat","7":"product_cat-fuori-collana","8":"product_cat-paolo-crimaldi-cat","9":"product_cat-psicologia-transpersonale-cat","11":"first","12":"instock","13":"shipping-taxable","14":"purchasable","15":"product-type-simple"},"acf":[],"_links":{"self":[{"href":"https:\/\/www.spaziointeriore.com\/casaeditrice\/wp-json\/wp\/v2\/product\/2876","targetHints":{"allow":["GET"]}}],"collection":[{"href":"https:\/\/www.spaziointeriore.com\/casaeditrice\/wp-json\/wp\/v2\/product"}],"about":[{"href":"https:\/\/www.spaziointeriore.com\/casaeditrice\/wp-json\/wp\/v2\/types\/product"}],"wp:featuredmedia":[{"embeddable":true,"href":"https:\/\/www.spaziointeriore.com\/casaeditrice\/wp-json\/wp\/v2\/media\/3836"}],"wp:attachment":[{"href":"https:\/\/www.spaziointeriore.com\/casaeditrice\/wp-json\/wp\/v2\/media?parent=2876"}],"wp:term":[{"taxonomy":"product_brand","embeddable":true,"href":"https:\/\/www.spaziointeriore.com\/casaeditrice\/wp-json\/wp\/v2\/product_brand?post=2876"},{"taxonomy":"product_cat","embeddable":true,"href":"https:\/\/www.spaziointeriore.com\/casaeditrice\/wp-json\/wp\/v2\/product_cat?post=2876"},{"taxonomy":"product_tag","embeddable":true,"href":"https:\/\/www.spaziointeriore.com\/casaeditrice\/wp-json\/wp\/v2\/product_tag?post=2876"}],"curies":[{"name":"wp","href":"https:\/\/api.w.org\/{rel}","templated":true}]}}