{"id":2879,"date":"2020-10-03T07:39:36","date_gmt":"2020-10-03T07:39:36","guid":{"rendered":"https:\/\/spaziointeriore.com\/casaeditrice\/shop\/la-nuova-psicologia\/"},"modified":"2020-10-03T07:39:36","modified_gmt":"2020-10-03T07:39:36","slug":"la-nuova-psicologia","status":"publish","type":"product","link":"https:\/\/www.spaziointeriore.com\/casaeditrice\/catalogo\/la-nuova-psicologia\/","title":{"rendered":"LA NUOVA PSICOLOGIA"},"content":{"rendered":"<p>Finch\u00e9 non cambieremo il nostro modo di pensare, psichiatria e psicologia non saranno in grado di comprendere realmente la natura e l&#8217;origine della spiritualit\u00e0, n\u00e9 sapranno apprezzare il ruolo importante che essa svolge nella psiche umana e nello schema universale delle cose. Riconsiderare il ruolo della spiritualit\u00e0 nella vita umana, ridisegnando la cartografia della coscienza, \u00e8 quindi essenziale al fine di comprendere la storia rituale, spirituale e religiosa dell&#8217;umanit\u00e0: lo sciamanesimo, i riti di passaggio, gli antichi misteri di morte e rinascita e le grandi religioni del mondo. Senza questi cambiamenti radicali nel nostro modo di pensare, le preziose esperienze potenzialmente guaritrici ed euristicamente inestimabili, le \u201cemergenze spirituali\u201d, saranno mal diagnosticate come psicotiche e trattate con farmaci soppressivi.<\/p>\n<p><em>\u00abRiconsiderare il ruolo della spiritualit\u00e0 nella vita umana, ridisegnando la cartografia della coscienza, \u00e8 essenziale al fine di comprendere la storia rituale, spirituale e religiosa dell\u2019umanit\u00e0: lo sciamanesimo, i riti di passaggio, gli antichi misteri di morte e rinascita e le grandi religioni del mondo\u00bb<\/em>.<\/p>\n","protected":false},"excerpt":{"rendered":"<p>In questo libro, Stanislav Grof ripercorre la sua storia e offre una linea guida per giungere alla formulazione di un nuovo e pi\u00f9 completo paradigma scientifico.<\/p>\n","protected":false},"featured_media":3838,"template":"","meta":{"_acf_changed":false},"product_brand":[],"product_cat":[146,89,178],"product_tag":[],"class_list":{"0":"post-2879","1":"product","2":"type-product","3":"status-publish","4":"has-post-thumbnail","6":"product_cat-fuori-collana","7":"product_cat-psicologia-transpersonale-cat","8":"product_cat-stanislav-grof-cat","10":"first","11":"instock","12":"shipping-taxable","13":"purchasable","14":"product-type-simple"},"acf":[],"_links":{"self":[{"href":"https:\/\/www.spaziointeriore.com\/casaeditrice\/wp-json\/wp\/v2\/product\/2879","targetHints":{"allow":["GET"]}}],"collection":[{"href":"https:\/\/www.spaziointeriore.com\/casaeditrice\/wp-json\/wp\/v2\/product"}],"about":[{"href":"https:\/\/www.spaziointeriore.com\/casaeditrice\/wp-json\/wp\/v2\/types\/product"}],"wp:featuredmedia":[{"embeddable":true,"href":"https:\/\/www.spaziointeriore.com\/casaeditrice\/wp-json\/wp\/v2\/media\/3838"}],"wp:attachment":[{"href":"https:\/\/www.spaziointeriore.com\/casaeditrice\/wp-json\/wp\/v2\/media?parent=2879"}],"wp:term":[{"taxonomy":"product_brand","embeddable":true,"href":"https:\/\/www.spaziointeriore.com\/casaeditrice\/wp-json\/wp\/v2\/product_brand?post=2879"},{"taxonomy":"product_cat","embeddable":true,"href":"https:\/\/www.spaziointeriore.com\/casaeditrice\/wp-json\/wp\/v2\/product_cat?post=2879"},{"taxonomy":"product_tag","embeddable":true,"href":"https:\/\/www.spaziointeriore.com\/casaeditrice\/wp-json\/wp\/v2\/product_tag?post=2879"}],"curies":[{"name":"wp","href":"https:\/\/api.w.org\/{rel}","templated":true}]}}