{"id":2911,"date":"2020-10-03T07:39:58","date_gmt":"2020-10-03T07:39:58","guid":{"rendered":"https:\/\/spaziointeriore.com\/casaeditrice\/shop\/alchimisti-damore\/"},"modified":"2020-10-03T07:39:58","modified_gmt":"2020-10-03T07:39:58","slug":"alchimisti-damore","status":"publish","type":"product","link":"https:\/\/www.spaziointeriore.com\/casaeditrice\/catalogo\/alchimisti-damore\/","title":{"rendered":"ALCHIMISTI D&#8217;AMORE"},"content":{"rendered":"<p>Alchimisti d\u2019Amore\u00a0\u00e8 un libro su come riconoscere, costruire e mantenere una delle cose pi\u00f9 importanti per chiunque: l\u2019Amore. Attraverso un\u2019analisi che percorre tutti e quattro i piani dell\u2019essere (Fisico, Emotivo, Spirituale e Mentale), Zurlini e Ronchi spiegano come trovare l\u2019Amore dentro di noi per essere poi in grado di ricercarlo, mantenerlo e farlo crescere con un\u2019altra persona. Non esiste un \u201cnoi\u201d senza un \u201cio\u201d ben definito e la coppia \u2013 e il modo di viverla \u2013 diventa quindi lo specchio di se stessi, un luogo dell\u2019anima in cui crescere, insieme e accanto all\u2019altro, e dove guarire individualmente per guarire insieme. \u00c8 un libro che parla di coppia, ma al tempo stesso di individualit\u00e0, elementi alchemici imprescindibili per la reciproca esistenza, in un tono intimamente interessato all\u2019Evoluzione del lettore, che attraverso queste pagine pu\u00f2 apprendere come crescere davvero, distintamente ma insieme al proprio partner, in una coppia che \u00e8 una sintesi di due Anime, due Corpi, due Menti, ma soprattutto di due individualit\u00e0.<\/p>\n<p><em>\u00abLo scopo di questo libro \u00e8 connettere chi legge \u2013 che si tratti di una donna o di un uomo \u2013 con un serbatoio segreto di energia che \u00e8 nel cuore di ognuno di noi, ma giace nascosto da una sovrapposizione stratificata di idee, credenze, irretimenti, programmazioni, conflitti, movimenti interrotti, relazioni sospese, condizionamenti, ecc. Ciascuno pu\u00f2 riconnettersi alla propria forza interiore con la volont\u00e0 personale, attraverso l\u2019aiuto esterno, con gli strumenti che incontra sul proprio cammino, grazie a un percorso di consapevolezza e guarigione\u00bb<\/em>.<\/p>\n","protected":false},"excerpt":{"rendered":"<p>Alchimisti d&#8217;Amore\u00a0\u00e8 un libro su come riconoscere, costruire e mantenere una delle cose pi\u00f9 importanti per chiunque: l&#8217;Amore. Attraverso un&#8217;analisi che percorre tutti e quattro i piani dell&#8217;essere (Fisico, Emotivo, Spirituale e Mentale), Zurlini e Ronchi spiegano come trovare l&#8217;Amore dentro di noi per essere poi in grado di ricercarlo, mantenerlo e farlo crescere con un&#8217;altra persona.<\/p>\n","protected":false},"featured_media":3861,"template":"","meta":{"_acf_changed":false},"product_brand":[],"product_cat":[222,203,140,90,93],"product_tag":[],"class_list":{"0":"post-2911","1":"product","2":"type-product","3":"status-publish","4":"has-post-thumbnail","6":"product_cat-andrea-zurlini-cat","7":"product_cat-federica-ronchi-cat","8":"product_cat-lanterne","9":"product_cat-ricerca-interiore-cat","10":"product_cat-sessualita-cat","12":"first","13":"instock","14":"shipping-taxable","15":"purchasable","16":"product-type-simple"},"acf":[],"_links":{"self":[{"href":"https:\/\/www.spaziointeriore.com\/casaeditrice\/wp-json\/wp\/v2\/product\/2911","targetHints":{"allow":["GET"]}}],"collection":[{"href":"https:\/\/www.spaziointeriore.com\/casaeditrice\/wp-json\/wp\/v2\/product"}],"about":[{"href":"https:\/\/www.spaziointeriore.com\/casaeditrice\/wp-json\/wp\/v2\/types\/product"}],"wp:featuredmedia":[{"embeddable":true,"href":"https:\/\/www.spaziointeriore.com\/casaeditrice\/wp-json\/wp\/v2\/media\/3861"}],"wp:attachment":[{"href":"https:\/\/www.spaziointeriore.com\/casaeditrice\/wp-json\/wp\/v2\/media?parent=2911"}],"wp:term":[{"taxonomy":"product_brand","embeddable":true,"href":"https:\/\/www.spaziointeriore.com\/casaeditrice\/wp-json\/wp\/v2\/product_brand?post=2911"},{"taxonomy":"product_cat","embeddable":true,"href":"https:\/\/www.spaziointeriore.com\/casaeditrice\/wp-json\/wp\/v2\/product_cat?post=2911"},{"taxonomy":"product_tag","embeddable":true,"href":"https:\/\/www.spaziointeriore.com\/casaeditrice\/wp-json\/wp\/v2\/product_tag?post=2911"}],"curies":[{"name":"wp","href":"https:\/\/api.w.org\/{rel}","templated":true}]}}