{"id":2925,"date":"2020-10-03T07:40:00","date_gmt":"2020-10-03T07:40:00","guid":{"rendered":"https:\/\/spaziointeriore.com\/casaeditrice\/shop\/il-mondo-felice\/"},"modified":"2022-06-28T14:25:49","modified_gmt":"2022-06-28T14:25:49","slug":"il-mondo-felice","status":"publish","type":"product","link":"https:\/\/www.spaziointeriore.com\/casaeditrice\/catalogo\/il-mondo-felice\/","title":{"rendered":"IL MONDO FELICE"},"content":{"rendered":"<p>Il nuovo, attesissimo libro di C. Malanga mette in discussione con straordinaria lucidit\u00e0 tutte le certezze del vivere di questa societ\u00e0, evidenziando con grande forza come alcuni valori siano stati sacrificati in favore dell\u2019interesse della classe dirigente a mantenere il controllo sulla popolazione, ma rammentando anche che niente \u00e8 perduto e che lo schema fallimentare, che sembra ormai imprescindibile, pu\u00f2 sempre essere ribaltato. In modo incisivo e diretto, senza \u201csconti\u201d n\u00e9 peli sulla lingua, Malanga affronta tutti gli argomenti pi\u00f9 \u201ccaldi\u201d e controversi della societ\u00e0 attuale: dalla politica all\u2019economia, dalla religione al lavoro e alla scuola, dall\u2019individuale al collettivo, tocca tutti gli aspetti da migliorare o eliminare in questa societ\u00e0 per renderla ideale, perfetta e felice, e lo fa trasmettendo la consapevolezza che questo viaggio inizia sempre da noi stessi, dalla nostra Coscienza che dev\u2019essere prima di tutto formata ed educata alla felicit\u00e0. Il Mondo Felice esiste, \u00e8 dentro di noi, e Malanga ci racconta come portarlo fuori.<\/p>\n<p><em>\u00abIl Mondo Felice \u00e8 quella societ\u00e0 in cui ognuno \u00e8 responsabile di se stesso, e qui l\u2019aggettivo \u201cfelice\u201d non vuol dire vivere tutti i giorni con il sorriso sulle labbra, ma vivere tutti i giorni in modo armonico.\u00a0Entrare nel Mondo Felice\u00a0vuol dire rinunciare a falsi linguaggi, vuol dire eliminare i compromessi, vuol dire mostrarsi per chi si \u00e8 senza nascondimenti.\u00a0Nel Mondo Felice non ci si deve vergognare di essere come si \u00e8, qualsiasi cosa si sia\u00bb<\/em>.<\/p>\n","protected":false},"excerpt":{"rendered":"<p>Il Mondo Felice esiste, \u00e8 dentro di noi. E Corrado Malanga torna a parlarci di quel Mondo che, dettaglio dopo dettaglio ha prima immaginato e poi creato, con un libro che stravolger\u00e0 il modo di guardare alla societ\u00e0 attuale. In questo sua nuova opera, infatti, Malanga ci spiega come creare la societ\u00e0 ideale, la civilt\u00e0 dei sogni, il luogo perfetto in cui vivere, insomma il\u00a0<em>Mondo Felice<\/em>.<\/p>\n","protected":false},"featured_media":3871,"template":"","meta":{"_acf_changed":false},"product_brand":[],"product_cat":[185,140,90,92],"product_tag":[],"class_list":{"0":"post-2925","1":"product","2":"type-product","3":"status-publish","4":"has-post-thumbnail","6":"product_cat-corrado-malanga-cat","7":"product_cat-lanterne","8":"product_cat-ricerca-interiore-cat","9":"product_cat-scienze-di-confine-cat","11":"first","12":"instock","13":"shipping-taxable","14":"purchasable","15":"product-type-simple"},"acf":[],"_links":{"self":[{"href":"https:\/\/www.spaziointeriore.com\/casaeditrice\/wp-json\/wp\/v2\/product\/2925","targetHints":{"allow":["GET"]}}],"collection":[{"href":"https:\/\/www.spaziointeriore.com\/casaeditrice\/wp-json\/wp\/v2\/product"}],"about":[{"href":"https:\/\/www.spaziointeriore.com\/casaeditrice\/wp-json\/wp\/v2\/types\/product"}],"wp:featuredmedia":[{"embeddable":true,"href":"https:\/\/www.spaziointeriore.com\/casaeditrice\/wp-json\/wp\/v2\/media\/3871"}],"wp:attachment":[{"href":"https:\/\/www.spaziointeriore.com\/casaeditrice\/wp-json\/wp\/v2\/media?parent=2925"}],"wp:term":[{"taxonomy":"product_brand","embeddable":true,"href":"https:\/\/www.spaziointeriore.com\/casaeditrice\/wp-json\/wp\/v2\/product_brand?post=2925"},{"taxonomy":"product_cat","embeddable":true,"href":"https:\/\/www.spaziointeriore.com\/casaeditrice\/wp-json\/wp\/v2\/product_cat?post=2925"},{"taxonomy":"product_tag","embeddable":true,"href":"https:\/\/www.spaziointeriore.com\/casaeditrice\/wp-json\/wp\/v2\/product_tag?post=2925"}],"curies":[{"name":"wp","href":"https:\/\/api.w.org\/{rel}","templated":true}]}}