{"id":4531,"date":"2020-10-01T14:02:55","date_gmt":"2020-10-01T14:02:55","guid":{"rendered":"https:\/\/spaziointeriore.com\/casaeditrice\/shop\/il-senso-del-sogno-2ed\/"},"modified":"2021-06-10T11:23:48","modified_gmt":"2021-06-10T11:23:48","slug":"il-senso-del-sogno-2ed","status":"publish","type":"product","link":"https:\/\/www.spaziointeriore.com\/casaeditrice\/catalogo\/il-senso-del-sogno-2ed\/","title":{"rendered":"IL SENSO DEL SOGNO"},"content":{"rendered":"<p>Il sogno \u00e8 un varco per entrare in altri mondi e scoprire cose di s\u00e9 che durante la veglia non riescono a emergere alla coscienza: padroneggiarne i segreti si rivela quindi uno strumento d\u2019indagine interiore di inestimabile valore. In questa nuova edizione del libro, arricchita da appendici di approfondimento sui sogni premonitori e le obe, Di Grazia offre al lettore i risultati delle sue ricerche e la sua profonda esperienza nell\u2019arte di sognare, illustrandogli le tecniche utili per diventare un viaggiatore onirico e spiegandogli segreti e trappole nascosti nei sogni ricorrenti, nelle esperienze fuori dal corpo, nei sogni lucidi, nel rapporto con entit\u00e0 ed esseri incorporei. Lungi dall\u2019abbandonarsi passivamente al sonno e cos\u00ec rinunciare al grande potenziale insito nei sogni, il ricercatore del profondo trover\u00e0 tra queste pagine preziosi spunti teorici e pratici per i suoi viaggi onirici, in grado altres\u00ec di illuminare alcune zone d\u2019ombra legate al rapporto tra i sogni, l\u2019erotismo e la morte e dunque arricchire i risultati della propria ricerca interiore.<\/p>\n<p><em>\u00abIl lavoro interiore non avviene solo in stato di veglia, di giorno, ma \u00e8 un cammino incessante che pu\u00f2 avere nella notte e nel sogno degli amici straordinari\u00bb<\/em>.<\/p>\n","protected":false},"excerpt":{"rendered":"<p>Un libro dedicato all\u2019arte del sognare, che illustra le tecniche utili per divenire un viaggiatore onirico e spiega segreti e trappole nascosti nei sogni ricorrenti, nelle esperienze fuori dal corpo, nei sogni lucidi, nel rapporto con entit\u00e0 ed esseri incorporei.<\/p>\n","protected":false},"featured_media":4532,"template":"","meta":{"_acf_changed":false},"product_brand":[],"product_cat":[137,86,90,170],"product_tag":[],"class_list":{"0":"post-4531","1":"product","2":"type-product","3":"status-publish","4":"has-post-thumbnail","6":"product_cat-amuleti","7":"product_cat-dimensioni-della-coscienza-cat","8":"product_cat-ricerca-interiore-cat","9":"product_cat-umberto-di-grazia-cat","11":"first","12":"instock","13":"shipping-taxable","14":"purchasable","15":"product-type-simple"},"acf":[],"_links":{"self":[{"href":"https:\/\/www.spaziointeriore.com\/casaeditrice\/wp-json\/wp\/v2\/product\/4531","targetHints":{"allow":["GET"]}}],"collection":[{"href":"https:\/\/www.spaziointeriore.com\/casaeditrice\/wp-json\/wp\/v2\/product"}],"about":[{"href":"https:\/\/www.spaziointeriore.com\/casaeditrice\/wp-json\/wp\/v2\/types\/product"}],"wp:featuredmedia":[{"embeddable":true,"href":"https:\/\/www.spaziointeriore.com\/casaeditrice\/wp-json\/wp\/v2\/media\/4532"}],"wp:attachment":[{"href":"https:\/\/www.spaziointeriore.com\/casaeditrice\/wp-json\/wp\/v2\/media?parent=4531"}],"wp:term":[{"taxonomy":"product_brand","embeddable":true,"href":"https:\/\/www.spaziointeriore.com\/casaeditrice\/wp-json\/wp\/v2\/product_brand?post=4531"},{"taxonomy":"product_cat","embeddable":true,"href":"https:\/\/www.spaziointeriore.com\/casaeditrice\/wp-json\/wp\/v2\/product_cat?post=4531"},{"taxonomy":"product_tag","embeddable":true,"href":"https:\/\/www.spaziointeriore.com\/casaeditrice\/wp-json\/wp\/v2\/product_tag?post=4531"}],"curies":[{"name":"wp","href":"https:\/\/api.w.org\/{rel}","templated":true}]}}

<p>Il sogno è un varco per entrare in altri mondi e scoprire cose di sé che durante la veglia non riescono a emergere alla coscienza: padroneggiarne i segreti si rivela quindi uno strumento d’indagine interiore di inestimabile valore. In questa nuova edizione del libro, arricchita da appendici di approfondimento sui sogni premonitori e le obe, Di Grazia offre al lettore i risultati delle sue ricerche e la sua profonda esperienza nell’arte di sognare, illustrandogli le tecniche utili per diventare un viaggiatore onirico e spiegandogli segreti e trappole nascosti nei sogni ricorrenti, nelle esperienze fuori dal corpo, nei sogni lucidi, nel rapporto con entità ed esseri incorporei. Lungi dall’abbandonarsi passivamente al sonno e così rinunciare al grande potenziale insito nei sogni, il ricercatore del profondo troverà tra queste pagine preziosi spunti teorici e pratici per i suoi viaggi onirici, in grado altresì di illuminare alcune zone d’ombra legate al rapporto tra i sogni, l’erotismo e la morte e dunque arricchire i risultati della propria ricerca interiore.</p>
<p><em>«Il lavoro interiore non avviene solo in stato di veglia, di giorno, ma è un cammino incessante che può avere nella notte e nel sogno degli amici straordinari»</em>.</p>

<p>Un libro dedicato all’arte del sognare, che illustra le tecniche utili per divenire un viaggiatore onirico e spiega segreti e trappole nascosti nei sogni ricorrenti, nelle esperienze fuori dal corpo, nei sogni lucidi, nel rapporto con entità ed esseri incorporei.</p>
