{"id":5328,"date":"2021-10-11T08:32:50","date_gmt":"2021-10-11T08:32:50","guid":{"rendered":"https:\/\/www.spaziointeriore.com\/casaeditrice\/catalogo\/simbologia-di-saturno-2-ed\/"},"modified":"2022-05-11T15:03:44","modified_gmt":"2022-05-11T15:03:44","slug":"simbologia-di-saturno-nuova-ed","status":"publish","type":"product","link":"https:\/\/www.spaziointeriore.com\/casaeditrice\/catalogo\/simbologia-di-saturno-nuova-ed\/","title":{"rendered":"SIMBOLOGIA DI SATURNO (NUOVA ED.)"},"content":{"rendered":"<p>Nel corso della vita, Saturno sottopone ciascuno di noi a prove ed esami. Questo archetipo, infatti, scandisce le varie fasi dell\u2019esistenza, e a ogni passo testa le capacit\u00e0 che abbiamo acquisito, obbligandoci a fare un bilancio di ci\u00f2 che abbiamo costruito e spingendoci ad abbandonare ci\u00f2 che non ci serve pi\u00f9. Saturno costringe a raggiungere forza interiore, morale, logica, senso dell\u2019organizzazione e capacit\u00e0 di individuare e perseguire gli scopi; legato alla materia e alla concretizzazione, \u00e8 fortemente chiamato in causa nella strutturazione dell\u2019io, dato che \u00e8 attraverso di lui che i contenuti dell\u2019inconscio assumono una forma precisa, in modo che la coscienza possa percepirli. Saturno si occupa di tutte le forme psicologiche, mentali e fisiche.<br \/>\nCon questo libro Lidia Fassio offre al lettore un\u2019analisi attenta e completa dell\u2019archetipo saturniano, ricostruendo la storia di uno dei miti pi\u00f9 antichi della cultura occidentale, che ha ancora una grande influenza sulla nostra vita, e analizzando il significato astrologico del Grande Vecchio nelle case e i suoi aspetti con gli altri pianeti. <em>Simbologia di Saturno<\/em> rappresenta uno strumento di comprensione senza precedenti, utile sia agli esperti di Astrologia, sia ai lettori che desiderano conoscere alcuni tra gli aspetti pi\u00f9 importanti del proprio tema di nascita.<\/p>\n<p><em>\u00abSaturno, il Grande Vecchio, rappresenta la struttura, la solidit\u00e0 interna, i principi morali, la capacit\u00e0 di far fronte alla vita, il grado di autonomia e di indipendenza di una persona, nonch\u00e9 il suo ruolo nel mondo. Saturno non ammette scorciatoie, e sollecita ciascuno di noi a superare la paura della solitudine e le dipendenze che l\u2019io manifesta. Come signore della x casa, desidera che ci affranchiamo da tutto ci\u00f2 che \u2013 per quanto positivo e gratificante \u2013 imbriglia la nostra autonomia, e per spingerci a farlo ci pone di fronte a una serie di prove da superare. Per questa ragione occorre essere grati e riconoscenti al Grande Vecchio, perch\u00e9 ci offre la possibilit\u00e0 di diventare davvero adulti.<br \/>\nMolti dei contenuti di questo libro rovesceranno l\u2019antica visione di Saturno, l\u2019archetipo senza il quale la vita fisica, psichica e spirituale non esisterebbe, o almeno non come la intendiamo oggi\u00bb<\/em>.<\/p>\n","protected":false},"excerpt":{"rendered":"<p>Una disamina puntuale ed esaustiva di Saturno e del suo significato astrologico nelle case e negli aspetti con gli altri pianeti: un libro che svela trappole e opportunit\u00e0 dell\u2019archetipo saturniano, il guardiano della soglia cui \u00e8 impossibile sfuggire.<\/p>\n","protected":false},"featured_media":5331,"template":"","meta":{"_acf_changed":false},"product_brand":[],"product_cat":[83,140,173],"product_tag":[],"class_list":{"0":"post-5328","1":"product","2":"type-product","3":"status-publish","4":"has-post-thumbnail","6":"product_cat-astrologia-cat","7":"product_cat-lanterne","8":"product_cat-lidia-fassio-cat","10":"first","11":"instock","12":"shipping-taxable","13":"purchasable","14":"product-type-simple"},"acf":[],"_links":{"self":[{"href":"https:\/\/www.spaziointeriore.com\/casaeditrice\/wp-json\/wp\/v2\/product\/5328","targetHints":{"allow":["GET"]}}],"collection":[{"href":"https:\/\/www.spaziointeriore.com\/casaeditrice\/wp-json\/wp\/v2\/product"}],"about":[{"href":"https:\/\/www.spaziointeriore.com\/casaeditrice\/wp-json\/wp\/v2\/types\/product"}],"wp:featuredmedia":[{"embeddable":true,"href":"https:\/\/www.spaziointeriore.com\/casaeditrice\/wp-json\/wp\/v2\/media\/5331"}],"wp:attachment":[{"href":"https:\/\/www.spaziointeriore.com\/casaeditrice\/wp-json\/wp\/v2\/media?parent=5328"}],"wp:term":[{"taxonomy":"product_brand","embeddable":true,"href":"https:\/\/www.spaziointeriore.com\/casaeditrice\/wp-json\/wp\/v2\/product_brand?post=5328"},{"taxonomy":"product_cat","embeddable":true,"href":"https:\/\/www.spaziointeriore.com\/casaeditrice\/wp-json\/wp\/v2\/product_cat?post=5328"},{"taxonomy":"product_tag","embeddable":true,"href":"https:\/\/www.spaziointeriore.com\/casaeditrice\/wp-json\/wp\/v2\/product_tag?post=5328"}],"curies":[{"name":"wp","href":"https:\/\/api.w.org\/{rel}","templated":true}]}}