{"id":5720,"date":"2022-11-08T11:51:28","date_gmt":"2022-11-08T11:51:28","guid":{"rendered":"https:\/\/www.spaziointeriore.com\/casaeditrice\/catalogo\/alieni-o-demoni\/"},"modified":"2022-12-20T12:27:14","modified_gmt":"2022-12-20T12:27:14","slug":"alieni-o-demoni","status":"publish","type":"product","link":"https:\/\/www.spaziointeriore.com\/casaeditrice\/catalogo\/alieni-o-demoni\/","title":{"rendered":"ALIENI O DEMONI"},"content":{"rendered":"<p>Frutto di una vita di ricerche sulle interferenze aliene, <em>Alieni o demoni<\/em> insegna ad analizzare e affrontare il problema ufologico in modo tecnico e scientifico affinch\u00e9 chiunque possa portare avanti la propria ricerca in questo campo in totale autonomia. Questa nuova edizione, nella veste definitiva che Malanga ha voluto dargli, \u00e8 stata da lui riveduta tenendo conto dell\u2019esito dei suoi studi sulla Coscienza, con risultati sorprendenti ma che consentono \u2013 dati alla mano \u2013 di strappare una volta per tutte il velo che copre i fenomeni alieni, restituendoci quella limpida visione della realt\u00e0 che ci porter\u00e0 alla rivoluzione finale. Vengono qui descritte e analizzate le principali razze aliene e i vari livelli di interferenza da esse praticati, esaminate le interrelazioni degli alieni tra loro e con i gruppi di Governo Mondiale, illustrati gli scopi e le tecniche di sottomissione che alieni e militari con essi collusi utilizzano e, soprattutto, vengono forniti a coloro che lo subiscono tutti gli strumenti necessari per comprendere e superare il problema alieno. Un\u2019opera dal contenuto \u00abassolutamente incredibile e nel contempo totalmente reale\u00bb che oggi assume pi\u00f9 che mai un valore profetico.<\/p>\n<p><em>\u00abComprendere gli alieni ci \u00e8 servito per comprendere la natura della Coscienza umana. Tale comprensione ha gettato le basi per la rivoluzione della Coscienza, che porter\u00e0 la razza umana a scrollarsi di dosso alieni e alienati passando attraverso la demolizione di qualsiasi forma di potere, pi\u00f9 o meno occulto che sia. Liberarsi dagli alieni, infatti, vuol dire liberarsi da tutte le forme di potere per imparare a riconoscere e a distinguere i falsi d\u00e8i dal Dio vero, che \u00e8 qualcosa che \u00e8 dentro l\u2019uomo e non fuori di lui\u00bb<\/em>.<\/p>\n","protected":false},"excerpt":{"rendered":"<p>La versione definitiva, riveduta e corretta alla luce dei suoi successivi studi sulla Coscienza, del libro che racchiude i risultati delle ricerche di Corrado Malanga nel campo delle interferenze aliene.<\/p>\n","protected":false},"featured_media":5724,"template":"","meta":{"_acf_changed":false},"product_brand":[],"product_cat":[185,86,68,90,92],"product_tag":[],"class_list":{"0":"post-5720","1":"product","2":"type-product","3":"status-publish","4":"has-post-thumbnail","6":"product_cat-corrado-malanga-cat","7":"product_cat-dimensioni-della-coscienza-cat","8":"product_cat-nonordinari","9":"product_cat-ricerca-interiore-cat","10":"product_cat-scienze-di-confine-cat","12":"first","13":"instock","14":"shipping-taxable","15":"purchasable","16":"product-type-simple"},"acf":[],"_links":{"self":[{"href":"https:\/\/www.spaziointeriore.com\/casaeditrice\/wp-json\/wp\/v2\/product\/5720","targetHints":{"allow":["GET"]}}],"collection":[{"href":"https:\/\/www.spaziointeriore.com\/casaeditrice\/wp-json\/wp\/v2\/product"}],"about":[{"href":"https:\/\/www.spaziointeriore.com\/casaeditrice\/wp-json\/wp\/v2\/types\/product"}],"wp:featuredmedia":[{"embeddable":true,"href":"https:\/\/www.spaziointeriore.com\/casaeditrice\/wp-json\/wp\/v2\/media\/5724"}],"wp:attachment":[{"href":"https:\/\/www.spaziointeriore.com\/casaeditrice\/wp-json\/wp\/v2\/media?parent=5720"}],"wp:term":[{"taxonomy":"product_brand","embeddable":true,"href":"https:\/\/www.spaziointeriore.com\/casaeditrice\/wp-json\/wp\/v2\/product_brand?post=5720"},{"taxonomy":"product_cat","embeddable":true,"href":"https:\/\/www.spaziointeriore.com\/casaeditrice\/wp-json\/wp\/v2\/product_cat?post=5720"},{"taxonomy":"product_tag","embeddable":true,"href":"https:\/\/www.spaziointeriore.com\/casaeditrice\/wp-json\/wp\/v2\/product_tag?post=5720"}],"curies":[{"name":"wp","href":"https:\/\/api.w.org\/{rel}","templated":true}]}}

<p>Frutto di una vita di ricerche sulle interferenze aliene, <em>Alieni o demoni</em> insegna ad analizzare e affrontare il problema ufologico in modo tecnico e scientifico affinché chiunque possa portare avanti la propria ricerca in questo campo in totale autonomia. Questa nuova edizione, nella veste definitiva che Malanga ha voluto dargli, è stata da lui riveduta tenendo conto dell’esito dei suoi studi sulla Coscienza, con risultati sorprendenti ma che consentono – dati alla mano – di strappare una volta per tutte il velo che copre i fenomeni alieni, restituendoci quella limpida visione della realtà che ci porterà alla rivoluzione finale. Vengono qui descritte e analizzate le principali razze aliene e i vari livelli di interferenza da esse praticati, esaminate le interrelazioni degli alieni tra loro e con i gruppi di Governo Mondiale, illustrati gli scopi e le tecniche di sottomissione che alieni e militari con essi collusi utilizzano e, soprattutto, vengono forniti a coloro che lo subiscono tutti gli strumenti necessari per comprendere e superare il problema alieno. Un’opera dal contenuto «assolutamente incredibile e nel contempo totalmente reale» che oggi assume più che mai un valore profetico.</p>
<p><em>«Comprendere gli alieni ci è servito per comprendere la natura della Coscienza umana. Tale comprensione ha gettato le basi per la rivoluzione della Coscienza, che porterà la razza umana a scrollarsi di dosso alieni e alienati passando attraverso la demolizione di qualsiasi forma di potere, più o meno occulto che sia. Liberarsi dagli alieni, infatti, vuol dire liberarsi da tutte le forme di potere per imparare a riconoscere e a distinguere i falsi dèi dal Dio vero, che è qualcosa che è dentro l’uomo e non fuori di lui»</em>.</p>
