{"id":5769,"date":"2023-01-27T10:28:33","date_gmt":"2023-01-27T10:28:33","guid":{"rendered":"https:\/\/www.spaziointeriore.com\/casaeditrice\/catalogo\/reality-creation\/"},"modified":"2023-02-21T14:07:19","modified_gmt":"2023-02-21T14:07:19","slug":"reality-creation","status":"publish","type":"product","link":"https:\/\/www.spaziointeriore.com\/casaeditrice\/catalogo\/reality-creation\/","title":{"rendered":"REALITY CREATION"},"content":{"rendered":"<p><em>Reality Creation<\/em>, la Tecnica di Creazione di Realt\u00e0, \u00e8 il metodo che consente di creare direttamente la realt\u00e0 che si vuole vivere, piuttosto che ostinarsi nell\u2019ardua impresa di modificare unarealt\u00e0 nella quale si \u00e8 immersi e di cui si \u00e8 \u2013 spesso inconsapevolmente \u2013 prigionieri. Con un linguaggio semplice ed efficace, ricco di esempi ed esercizi, Dodson ci mostra come affrontare e sciogliere quelle pseudo-verit\u00e0 precostituite che ci manovrano dall\u2019interno bloccando la realizzazione della nostra volont\u00e0, e in che modo reindirizzare l\u2019energia e l\u2019attenzione affinch\u00e9 le nostre vere intenzioni trovino finalmente concreta manifestazione nella nostra vita. Spiegando con chiarezza come dichiarare efficacemente l\u2019intenzione, riconoscere e gestire le contro-intenzioni, sciogliere le resistenze ed energizzare la ferma decisione, piuttosto che il timido desiderio, <em>Reality Creation<\/em> \u00e8 il libro fondamentale per chiunque intenda sviluppare pienamente la capacit\u00e0 di creare la realt\u00e0 in cui intende vivere.<\/p>\n<p><em>\u00abChi crea la realt\u00e0 non desidera, non ha bisogno di, non smania per; semplicemente <em>intende<\/em>. Intendere \u00e8 facile, ed \u00e8 un\u2019azione piccola come spostare leggermente a destra o a sinistra il timone di una barca.\u00a0<em>Reality Creation <\/em>\u00e8 stata ideata per chi cerca un metodo completo, pratico ma anche mistico, finalizzato alla prosperit\u00e0 cos\u00ec come alla pace interiore\u00bb<\/em>.<\/p>\n","protected":false},"excerpt":{"rendered":"<p>Il libro che illustra le fondamenta della<br \/>\n<em>Reality Creation<\/em>, la Tecnica di Creazione di Realt\u00e0 che<br \/>\npermette di concentrare e indirizzare le energie per dar vita ai propri<br \/>\npensieri, sogni, desideri e manifestarli concretamente nella propria<br \/>\nvita<\/p>\n","protected":false},"featured_media":5770,"template":"","meta":{"_acf_changed":false},"product_brand":[],"product_cat":[86,171,146,90,92],"product_tag":[],"class_list":{"0":"post-5769","1":"product","2":"type-product","3":"status-publish","4":"has-post-thumbnail","6":"product_cat-dimensioni-della-coscienza-cat","7":"product_cat-frederick-e-dodson-cat","8":"product_cat-fuori-collana","9":"product_cat-ricerca-interiore-cat","10":"product_cat-scienze-di-confine-cat","12":"first","13":"instock","14":"shipping-taxable","15":"purchasable","16":"product-type-simple"},"acf":[],"_links":{"self":[{"href":"https:\/\/www.spaziointeriore.com\/casaeditrice\/wp-json\/wp\/v2\/product\/5769","targetHints":{"allow":["GET"]}}],"collection":[{"href":"https:\/\/www.spaziointeriore.com\/casaeditrice\/wp-json\/wp\/v2\/product"}],"about":[{"href":"https:\/\/www.spaziointeriore.com\/casaeditrice\/wp-json\/wp\/v2\/types\/product"}],"wp:featuredmedia":[{"embeddable":true,"href":"https:\/\/www.spaziointeriore.com\/casaeditrice\/wp-json\/wp\/v2\/media\/5770"}],"wp:attachment":[{"href":"https:\/\/www.spaziointeriore.com\/casaeditrice\/wp-json\/wp\/v2\/media?parent=5769"}],"wp:term":[{"taxonomy":"product_brand","embeddable":true,"href":"https:\/\/www.spaziointeriore.com\/casaeditrice\/wp-json\/wp\/v2\/product_brand?post=5769"},{"taxonomy":"product_cat","embeddable":true,"href":"https:\/\/www.spaziointeriore.com\/casaeditrice\/wp-json\/wp\/v2\/product_cat?post=5769"},{"taxonomy":"product_tag","embeddable":true,"href":"https:\/\/www.spaziointeriore.com\/casaeditrice\/wp-json\/wp\/v2\/product_tag?post=5769"}],"curies":[{"name":"wp","href":"https:\/\/api.w.org\/{rel}","templated":true}]}}