{"id":6350,"date":"2024-04-28T18:45:32","date_gmt":"2024-04-28T18:45:32","guid":{"rendered":"https:\/\/www.spaziointeriore.com\/casaeditrice\/?post_type=product&#038;p=6350"},"modified":"2024-11-04T10:44:56","modified_gmt":"2024-11-04T10:44:56","slug":"lenneagramma-della-societa","status":"publish","type":"product","link":"https:\/\/www.spaziointeriore.com\/casaeditrice\/catalogo\/lenneagramma-della-societa\/","title":{"rendered":"L\u2019ENNEAGRAMMA DELLA SOCIET\u00c0"},"content":{"rendered":"<p>I mali dell\u2019anima possono essere una rappresentazione dei mali che affliggono il mondo? Esiste un modo per guarire dai propri problemi personali e intanto contribuire a rendere il mondo un posto migliore? Claudio Naranjo, in questo libro considerato da molti il vero fulcro del suo pensiero, offre una sintesi dei nove tipi umani che compongono il sistema dell\u2019Enneagramma, integrando il suo ragionamento con le tradizioni spirituali, che considerano i mali umani come peccati, e quelle mediche e psicologiche, che invece li catalogano come patologie o deviazioni del carattere. L\u2019autore cileno individua quindi un parallelismo tra modelli riconoscibili a livello individuale e a livello sociale, delineando il modo in cui la comprensione della psicopatologia del carattere dell\u2019individuo possa realmente facilitare la comprensione della psicopatologia del carattere della societ\u00e0. In queste pagine \u2013 \u201cdure\u201d per sua stessa ammissione, ma al contempo semplici, chiare e illuminanti \u2013 Naranjo ci accompagna a scoprire come le passioni, le patologie e le motivazioni nevrotiche non siano altre che perturbazioni della nostra capacit\u00e0 di amare e di mantenere relazioni sane. Nell\u2019offrirci uno specchio, seppur doloroso, in cui osservare profondamente noi stessi, ci mostra in che modo i \u201cpeccati capitali\u201d dell\u2019individuo (orgoglio, ira, avarizia e gli altri) siano all\u2019origine dei mali dell\u2019umanit\u00e0 (autoritarismo, repressioni, corruzione&#8230;), fornendoci una soluzione oggi pi\u00f9 che mai preziosa e salvifica: guarire se stessi pu\u00f2 davvero guarire il mondo.<\/p>\n<p><em>\u00abMolti futurologi ci dicono che corriamo il pericolo di autodistruggerci, e ci sono buone probabilit\u00e0 che sia veramente cos\u00ec. Con il progressivo aumento della popolazione, le lotte sociali sfoceranno non solo nella violenza reciproca, ma nella distruzione della fauna e della flora, nonch\u00e9 nell&#8217;esaurimento delle risorse che il pianeta ci offre. Gli scenari possibili sono vari e ogni giorno si invoca di pi\u00f9 il ruolo decisivo del fattore umano. Penso che il mondo sia il prodotto di ci\u00f2 che ci portiamo dentro; per questo, l&#8217;ipotesi che i mali della societ\u00e0 siano il risultato e l&#8217;amplificazione della nostra incapacit\u00e0 (appena riconosciuta) di mantenere relazioni sane merita un&#8217;attenzione particolare.\u00a0Se consideriamo che difficilmente esister\u00e0 una societ\u00e0 sana senza il fondamento di individui sani, \u00e8 imperativo riconoscere il valore politico della trasformazione individuale\u00bb.<br \/>\n<\/em><\/p>\n","protected":false},"excerpt":{"rendered":"<p>Il libro di Claudio Naranjo che per molti racchiude il fulcro del suo pensiero e che, attraverso la sintesi dei nove tipi dell\u2019Enneagramma, accompagna il lettore a scoprire come i mali dell\u2019anima siano lo specchio dei mali del mondo, e quindi in che modo, guarendo se stessi, si pu\u00f2 guarire la societ\u00e0.<\/p>\n","protected":false},"featured_media":6354,"template":"","meta":{"_acf_changed":false},"product_brand":[],"product_cat":[194,95,142,89],"product_tag":[],"class_list":{"0":"post-6350","1":"product","2":"type-product","3":"status-publish","4":"has-post-thumbnail","6":"product_cat-claudio-naranjo-cat","7":"product_cat-guarigione-olistica-cat","8":"product_cat-portali","9":"product_cat-psicologia-transpersonale-cat","11":"first","12":"instock","13":"shipping-taxable","14":"purchasable","15":"product-type-simple"},"acf":[],"_links":{"self":[{"href":"https:\/\/www.spaziointeriore.com\/casaeditrice\/wp-json\/wp\/v2\/product\/6350","targetHints":{"allow":["GET"]}}],"collection":[{"href":"https:\/\/www.spaziointeriore.com\/casaeditrice\/wp-json\/wp\/v2\/product"}],"about":[{"href":"https:\/\/www.spaziointeriore.com\/casaeditrice\/wp-json\/wp\/v2\/types\/product"}],"wp:featuredmedia":[{"embeddable":true,"href":"https:\/\/www.spaziointeriore.com\/casaeditrice\/wp-json\/wp\/v2\/media\/6354"}],"wp:attachment":[{"href":"https:\/\/www.spaziointeriore.com\/casaeditrice\/wp-json\/wp\/v2\/media?parent=6350"}],"wp:term":[{"taxonomy":"product_brand","embeddable":true,"href":"https:\/\/www.spaziointeriore.com\/casaeditrice\/wp-json\/wp\/v2\/product_brand?post=6350"},{"taxonomy":"product_cat","embeddable":true,"href":"https:\/\/www.spaziointeriore.com\/casaeditrice\/wp-json\/wp\/v2\/product_cat?post=6350"},{"taxonomy":"product_tag","embeddable":true,"href":"https:\/\/www.spaziointeriore.com\/casaeditrice\/wp-json\/wp\/v2\/product_tag?post=6350"}],"curies":[{"name":"wp","href":"https:\/\/api.w.org\/{rel}","templated":true}]}}

L’ENNEAGRAMMA DELLA SOCIETÀ

<p>I mali dell’anima possono essere una rappresentazione dei mali che affliggono il mondo? Esiste un modo per guarire dai propri problemi personali e intanto contribuire a rendere il mondo un posto migliore? Claudio Naranjo, in questo libro considerato da molti il vero fulcro del suo pensiero, offre una sintesi dei nove tipi umani che compongono il sistema dell’Enneagramma, integrando il suo ragionamento con le tradizioni spirituali, che considerano i mali umani come peccati, e quelle mediche e psicologiche, che invece li catalogano come patologie o deviazioni del carattere. L’autore cileno individua quindi un parallelismo tra modelli riconoscibili a livello individuale e a livello sociale, delineando il modo in cui la comprensione della psicopatologia del carattere dell’individuo possa realmente facilitare la comprensione della psicopatologia del carattere della società. In queste pagine – “dure” per sua stessa ammissione, ma al contempo semplici, chiare e illuminanti – Naranjo ci accompagna a scoprire come le passioni, le patologie e le motivazioni nevrotiche non siano altre che perturbazioni della nostra capacità di amare e di mantenere relazioni sane. Nell’offrirci uno specchio, seppur doloroso, in cui osservare profondamente noi stessi, ci mostra in che modo i “peccati capitali” dell’individuo (orgoglio, ira, avarizia e gli altri) siano all’origine dei mali dell’umanità (autoritarismo, repressioni, corruzione&#8230;), fornendoci una soluzione oggi più che mai preziosa e salvifica: guarire se stessi può davvero guarire il mondo.</p>
<p><em>«Molti futurologi ci dicono che corriamo il pericolo di autodistruggerci, e ci sono buone probabilità che sia veramente così. Con il progressivo aumento della popolazione, le lotte sociali sfoceranno non solo nella violenza reciproca, ma nella distruzione della fauna e della flora, nonché nell&#8217;esaurimento delle risorse che il pianeta ci offre. Gli scenari possibili sono vari e ogni giorno si invoca di più il ruolo decisivo del fattore umano. Penso che il mondo sia il prodotto di ciò che ci portiamo dentro; per questo, l&#8217;ipotesi che i mali della società siano il risultato e l&#8217;amplificazione della nostra incapacità (appena riconosciuta) di mantenere relazioni sane merita un&#8217;attenzione particolare. Se consideriamo che difficilmente esisterà una società sana senza il fondamento di individui sani, è imperativo riconoscere il valore politico della trasformazione individuale».<br />
</em></p>

<p>Il libro di Claudio Naranjo che per molti racchiude il fulcro del suo pensiero e che, attraverso la sintesi dei nove tipi dell’Enneagramma, accompagna il lettore a scoprire come i mali dell’anima siano lo specchio dei mali del mondo, e quindi in che modo, guarendo se stessi, si può guarire la società.</p>
