{"id":6553,"date":"2024-06-13T09:09:02","date_gmt":"2024-06-13T09:09:02","guid":{"rendered":"https:\/\/www.spaziointeriore.com\/casaeditrice\/catalogo\/lo-scenario-invisibile\/"},"modified":"2024-11-04T10:50:59","modified_gmt":"2024-11-04T10:50:59","slug":"lo-scenario-invisibile","status":"publish","type":"product","link":"https:\/\/www.spaziointeriore.com\/casaeditrice\/catalogo\/lo-scenario-invisibile\/","title":{"rendered":"LO SCENARIO INVISIBILE"},"content":{"rendered":"<p>Resoconto folle e visionario dell\u2019avventura dei fratelli McKenna con la <em>Psilocybe cubensis<\/em>, e nato dall\u2019intuizione che la chiave del problema mente\/cervello risieda in un\u2019approfondita comprensione dell&#8217;esperienza psichedelica, <em>Lo Scenario Invisibile<\/em> espone riflessioni graffianti sullo sciamanesimo e sulla filosofia psichedelica, mescolate a teorie tratte dallo studio della schizofrenia, della biologia molecolare e dell&#8217;etnobotanica. Il libro ci mostra una realt\u00e0 diversa, inesistente, invisibile, ma che per gli autori \u00e8 pi\u00f9 reale della realt\u00e0. Essi si auguravano, con questo volume, il risveglio dal letargo cognitivo tipico della societ\u00e0 contemporanea per poter contemplare finalmente l\u2019essenza della realt\u00e0. Per quanto alcune delle teorie esposte possano apparire superate, se letto con i giusti occhi questo libro offre al lettore la possibilit\u00e0 di addentrarsi all\u2019interno della propria coscienza, mostrando come il pensiero possa essere libero di muoversi in paesaggi invisibili che la societ\u00e0 ci invita a non vedere. Il testo \u00e8 arricchito da una prefazione inedita di Dennis McKenna e da una postfazione di Beniamino Trombetta, Professore Associato presso il Dipartimento di Biologia e Biotecnologia dell\u2019Universit\u00e0 degli Studi di Roma, La Sapienza.<\/p>\n<p><em>\u00abLe sostanze psichedeliche esercitano la loro influenza sull\u2019interfaccia del cervello\/mente\/corpo, e si trovano molto chiaramente all\u2019interno di quel territorio proibito e oscuro in cui si origina la cognizione stessa. C\u2019\u00e8 forse da meravigliarsi che la scienza esiti a squarciare quel velo e a illuminare le ombre con la fredda luce della ragione, sapendo che la ragione stessa potrebbe divenire il sacrificio ultimo per questa sua audacia? \u00c8 possibile che l\u2019esperienza psichedelica possa non venire compresa utilizzando solamente i modelli riduzionistici della scienza, e che solo attraverso una consapevole unificazione del riduzionismo e dei metodi analitici della scienza medesima con l\u2019approccio olistico e non analitico dello sciamano, riusciremo forse a capire, apprezzare e applicare le lezioni apprese da tali esperienze. Questo libro \u00e8 un primo, tremolante passo in questa direzione\u00bb<\/em>.<\/p>\n","protected":false},"excerpt":{"rendered":"<p>Il libro culto e pietra miliare della psichedelia, che racchiude i risultati dell\u2019incredibile esperimento condotto negli anni \u201970 da Terence e Dennis McKenna, veri pionieri nel campo della ricerca psichedelica e autori fondamentale nella formazione di chi si dedica a questi argomenti.<\/p>\n","protected":false},"featured_media":6660,"template":"","meta":{"_acf_changed":false},"product_brand":[],"product_cat":[272,68,229,91,230,92,271],"product_tag":[],"class_list":{"0":"post-6553","1":"product","2":"type-product","3":"status-publish","4":"has-post-thumbnail","6":"product_cat-dennis-mckenna-cat","7":"product_cat-nonordinari","8":"product_cat-piante-sacre-cat","9":"product_cat-psichedelia-cat","10":"product_cat-sciamanesimo-cat","11":"product_cat-scienze-di-confine-cat","12":"product_cat-terence-mckenna-cat","14":"first","15":"instock","16":"shipping-taxable","17":"purchasable","18":"product-type-simple"},"acf":[],"_links":{"self":[{"href":"https:\/\/www.spaziointeriore.com\/casaeditrice\/wp-json\/wp\/v2\/product\/6553","targetHints":{"allow":["GET"]}}],"collection":[{"href":"https:\/\/www.spaziointeriore.com\/casaeditrice\/wp-json\/wp\/v2\/product"}],"about":[{"href":"https:\/\/www.spaziointeriore.com\/casaeditrice\/wp-json\/wp\/v2\/types\/product"}],"wp:featuredmedia":[{"embeddable":true,"href":"https:\/\/www.spaziointeriore.com\/casaeditrice\/wp-json\/wp\/v2\/media\/6660"}],"wp:attachment":[{"href":"https:\/\/www.spaziointeriore.com\/casaeditrice\/wp-json\/wp\/v2\/media?parent=6553"}],"wp:term":[{"taxonomy":"product_brand","embeddable":true,"href":"https:\/\/www.spaziointeriore.com\/casaeditrice\/wp-json\/wp\/v2\/product_brand?post=6553"},{"taxonomy":"product_cat","embeddable":true,"href":"https:\/\/www.spaziointeriore.com\/casaeditrice\/wp-json\/wp\/v2\/product_cat?post=6553"},{"taxonomy":"product_tag","embeddable":true,"href":"https:\/\/www.spaziointeriore.com\/casaeditrice\/wp-json\/wp\/v2\/product_tag?post=6553"}],"curies":[{"name":"wp","href":"https:\/\/api.w.org\/{rel}","templated":true}]}}

<p>Resoconto folle e visionario dell’avventura dei fratelli McKenna con la <em>Psilocybe cubensis</em>, e nato dall’intuizione che la chiave del problema mente/cervello risieda in un’approfondita comprensione dell&#8217;esperienza psichedelica, <em>Lo Scenario Invisibile</em> espone riflessioni graffianti sullo sciamanesimo e sulla filosofia psichedelica, mescolate a teorie tratte dallo studio della schizofrenia, della biologia molecolare e dell&#8217;etnobotanica. Il libro ci mostra una realtà diversa, inesistente, invisibile, ma che per gli autori è più reale della realtà. Essi si auguravano, con questo volume, il risveglio dal letargo cognitivo tipico della società contemporanea per poter contemplare finalmente l’essenza della realtà. Per quanto alcune delle teorie esposte possano apparire superate, se letto con i giusti occhi questo libro offre al lettore la possibilità di addentrarsi all’interno della propria coscienza, mostrando come il pensiero possa essere libero di muoversi in paesaggi invisibili che la società ci invita a non vedere. Il testo è arricchito da una prefazione inedita di Dennis McKenna e da una postfazione di Beniamino Trombetta, Professore Associato presso il Dipartimento di Biologia e Biotecnologia dell’Università degli Studi di Roma, La Sapienza.</p>
<p><em>«Le sostanze psichedeliche esercitano la loro influenza sull’interfaccia del cervello/mente/corpo, e si trovano molto chiaramente all’interno di quel territorio proibito e oscuro in cui si origina la cognizione stessa. C’è forse da meravigliarsi che la scienza esiti a squarciare quel velo e a illuminare le ombre con la fredda luce della ragione, sapendo che la ragione stessa potrebbe divenire il sacrificio ultimo per questa sua audacia? È possibile che l’esperienza psichedelica possa non venire compresa utilizzando solamente i modelli riduzionistici della scienza, e che solo attraverso una consapevole unificazione del riduzionismo e dei metodi analitici della scienza medesima con l’approccio olistico e non analitico dello sciamano, riusciremo forse a capire, apprezzare e applicare le lezioni apprese da tali esperienze. Questo libro è un primo, tremolante passo in questa direzione»</em>.</p>
