{"id":6912,"date":"2024-11-13T08:30:12","date_gmt":"2024-11-13T08:30:12","guid":{"rendered":"https:\/\/www.spaziointeriore.com\/casaeditrice\/?post_type=product&#038;p=6912"},"modified":"2025-07-16T08:22:01","modified_gmt":"2025-07-16T08:22:01","slug":"ayahuasca-la-liana-degli-spiriti-2","status":"publish","type":"product","link":"https:\/\/www.spaziointeriore.com\/casaeditrice\/catalogo\/ayahuasca-la-liana-degli-spiriti-2\/","title":{"rendered":"AYAHUASCA LA LIANA DEGLI SPIRITI (NUOVA EDIZIONE)"},"content":{"rendered":"<p>Tra le numerose piante psicoattive utilizzate dalle popolazioni native su tutto il pianeta, nessuna ha ricevuto uno studio tra i pi\u00f9 completi dal punto di vista botanico, chimico ed etnografico, quanto la liana e la bevanda derivante conosciuta col nome di ayahuasca o yag\u00e9. L\u2019ayahuasca \u2013 parola in lingua quechua che significa \u201cliana degli spiriti\u201d \u2013 \u00e8 un\u2019infusione psicotropa di tradizione millenaria considerata sacra da milioni di persone indigene in tutto il bacino della foresta amazzonica. Il volume analizza, con un approccio multidisciplinare, le forme d\u2019utilizzo tradizionali e moderne dell\u2019ayahuasca: l\u2019uso indigeno; l\u2019uso mestizo; l\u2019uso nelle religioni ayahuaschere (Santo Daime, Barquinha e Uni\u00e3o do Vegetal); l\u2019uso medico-terapeutico. In questa nuova edizione, interamente riveduta e aggiornata, l\u2019Autore esamina e approfondisce argomenti propri delle scienze sociali e naturali, del diritto e della storia delle religioni, fornendo un esempio d\u2019alto valore simbolico dei processi d\u2019incontro e di sintesi socio-culturale che stanno avvenendo in questo periodo storico, con ripercussioni che coinvolgono tanto il sapere scientifico quanto la riflessione giuridico-istituzionale. Scritto con un linguaggio chiaro e divulgativo, il testo si rivolge non solo a un pubblico specialista ma a qualunque lettore interessato ad approfondire un argomento di estrema attualit\u00e0 soprattutto per quel che riguarda il tema del confronto e fusione tra sistemi culturali \u201caltri\u201d l\u2019uno rispetto all\u2019altro.<\/p>\n<p><em>\u00abL\u2019uso rituale dell\u2019ayahuasca rappresenta un esempio significativo del ruolo ancestrale delle piante psicoattive nello sviluppo della cultura sociale umana. [&#8230;] All\u2019interno di un adeguato contesto controllato, rappresenta un\u2019immersione completa nel logos, che permette all\u2019individuo di penetrare ed essere penetrato dalla comprensione dell\u2019ordine che regge la realt\u00e0 in cui vive e l\u2019universo intero. Questa comprensione \u00e8 fonte della risoluzione dei problemi personali e sociali, a livello fisico, psichico e spirituale. Tutt\u2019altro che rappresentare un momento d\u2019evasione con tendenza centrifuga rispetto alle responsabilit\u00e0 nei confronti delle relazioni sociali, risulta essere l\u2019elemento principale per ricondurre l\u2019individuo a una consapevole integrazione nella comunit\u00e0, stimolando l\u2019ordine e la pace. [&#8230;]<br \/>\nGrazie alla profonda immersione nel logos si comprende il kosmos, nell\u2019accezione originale del termine greco che significa sia cosmo sia l\u2019ordine che lo regge. Il riconoscimento del kosmos, l\u2019ordine \u2013 spirituale \u2013 che permea la realt\u00e0, implica il riconoscimento del proprio posto ivi integrato, del proprio ruolo, dei propri compiti nella vita, in definitiva del senso della propria vita in funzione dalla comprensione dell\u2019esistenza di un senso nell\u2019universo intero. \u00c8 solo attraverso il riconoscimento del kosmos, e quindi del senso del mondo in cui si \u00e8 calati, che si pu\u00f2 pensare di potere dare un senso alla propria esistenza. L\u2019ordine superiore e le pi\u00f9 intime aspirazioni di ciascun essere coincidono\u00bb<\/em>.<\/p>\n","protected":false},"excerpt":{"rendered":"<p>Il volume che analizza, con un approccio multidisciplinare, le forme d\u2019utilizzo tradizionali e moderne dell\u2019ayahuasca: l\u2019uso indigeno; l\u2019uso mestizo; l\u2019uso nelle religioni ayahuaschere (Santo Daime, Barquinha e Uni\u00e3o do Vegetal); l\u2019uso medico-terapeutico.<\/p>\n","protected":false},"featured_media":6913,"template":"","meta":{"_acf_changed":false},"product_brand":[],"product_cat":[229,90,230,261,188],"product_tag":[],"class_list":{"0":"post-6912","1":"product","2":"type-product","3":"status-publish","4":"has-post-thumbnail","6":"product_cat-piante-sacre-cat","7":"product_cat-ricerca-interiore-cat","8":"product_cat-sciamanesimo-cat","9":"product_cat-stella-azzurra","10":"product_cat-walter-menozzi-cat","12":"first","13":"instock","14":"shipping-taxable","15":"purchasable","16":"product-type-simple"},"acf":[],"_links":{"self":[{"href":"https:\/\/www.spaziointeriore.com\/casaeditrice\/wp-json\/wp\/v2\/product\/6912","targetHints":{"allow":["GET"]}}],"collection":[{"href":"https:\/\/www.spaziointeriore.com\/casaeditrice\/wp-json\/wp\/v2\/product"}],"about":[{"href":"https:\/\/www.spaziointeriore.com\/casaeditrice\/wp-json\/wp\/v2\/types\/product"}],"wp:featuredmedia":[{"embeddable":true,"href":"https:\/\/www.spaziointeriore.com\/casaeditrice\/wp-json\/wp\/v2\/media\/6913"}],"wp:attachment":[{"href":"https:\/\/www.spaziointeriore.com\/casaeditrice\/wp-json\/wp\/v2\/media?parent=6912"}],"wp:term":[{"taxonomy":"product_brand","embeddable":true,"href":"https:\/\/www.spaziointeriore.com\/casaeditrice\/wp-json\/wp\/v2\/product_brand?post=6912"},{"taxonomy":"product_cat","embeddable":true,"href":"https:\/\/www.spaziointeriore.com\/casaeditrice\/wp-json\/wp\/v2\/product_cat?post=6912"},{"taxonomy":"product_tag","embeddable":true,"href":"https:\/\/www.spaziointeriore.com\/casaeditrice\/wp-json\/wp\/v2\/product_tag?post=6912"}],"curies":[{"name":"wp","href":"https:\/\/api.w.org\/{rel}","templated":true}]}}