{"id":7479,"date":"2025-07-21T08:37:01","date_gmt":"2025-07-21T08:37:01","guid":{"rendered":"https:\/\/www.spaziointeriore.com\/casaeditrice\/catalogo\/il-risveglio-della-grande-madre\/"},"modified":"2026-03-24T10:43:59","modified_gmt":"2026-03-24T10:43:59","slug":"il-risveglio-della-grande-madre","status":"publish","type":"product","link":"https:\/\/www.spaziointeriore.com\/casaeditrice\/catalogo\/il-risveglio-della-grande-madre\/","title":{"rendered":"IL RISVEGLIO DELLA GRANDE MADRE"},"content":{"rendered":"<p>Questo libro \u00e8 un viaggio alchemico ed evolutivo, in cui l\u2019Autrice ci accompagna in un cammino che esplora il risveglio delle forze femminili e maschili nella loro essenza sciamanica, spirituale, corporea e mentale. Attraverso la conoscenza delle forze della Grande Madre, veniamo condotti in un dialogo profondo con le energie di Madre Terra, radicandoci nella sua saggezza ancestrale. Questo percorso di trasformazione si snoda nella sanazione delle radici: l\u2019albero genealogico, le relazioni che ci plasmano e soprattutto la relazione con noi stessi, primo e sacro incontro con il nostro essere. \u00c8 il viaggio dell\u2019iniziato: un cammino di consapevolezza attraverso tutte le stagioni interiori, accogliendone i doni, le opportunit\u00e0, le ombre e la luce. Perch\u00e9 solo attraversandole fino in fondo possiamo evolverci, guarire, manifestarci, crescere e illuminarci. Le pagine di questo libro mostrano come le dinamiche della vita, dalla nostra origine primale ai giorni presenti, ci guidino in un ciclo di evoluzione continua: un invito a riscoprire il nostro posto nell\u2019equilibrio universale, armonizzando spirito e corpo, mente e cuore, e intrecciando il nostro viaggio personale con il respiro della natura e il ritmo eterno della vita, aiutandoci a prendere consapevolezza di tutto quello che siamo e possiamo essere, a entrare in contatto con le nostre ferite, risvegliare l\u2019istinto arcaico che possediamo e cos\u00ec ritrovare il nostro potere personale.<\/p>\n<p><em>\u00abQuesto non \u00e8 un libro. Questo \u00e8 un viaggio. \u00c8 il viaggio che, attraverso l\u2019incontro con la Grande Madre, mi ha portata a fiorire, trasformandomi da donna inconsapevole, desiderosa di colmare il vuoto che si portava dentro, a donna in cammino alla scoperta di se stessa e della sua sacralit\u00e0. Ma \u00e8 anche il tuo viaggio, di te che ti appresti a leggere e a scendere dentro di te, alla scoperta di te stessa e della tua sacralit\u00e0.<br \/>\n\u00c8 un viaggio attraverso le stagioni, della natura e dell\u2019anima, che si sviluppa attraverso un percorso circolare che dall\u2019Autunno conduce all\u2019Estate, dalla Morte alla Manifestazione. Ed \u00e8 il ciclo dell\u2019anima, del cambiamento e di ogni percorso evolutivo, dove le quattro stagioni diventano archetipi per raccontare le quattro fasi del viaggio alchemico, personale e collettivo, che dall\u2019ombra conduce alla luce, dal trauma alla guarigione. Il ciclo trasformativo non si esaurisce con il suo apparente compimento, ma ricomincia ogni volta da dove si \u00e8 fermato per dare inizio a una nuova parabola. Ecco allora che il cerchio diventa spirale, permettendoci di toccare ogni volta livelli sempre pi\u00f9 profondi e raggiungere gradini sempre pi\u00f9 alti della nostra incarnazione\u00bb<\/em>.<\/p>\n","protected":false},"excerpt":{"rendered":"<p>Questo libro \u00e8 un viaggio alchemico ed evolutivo, un cammino che esplora il risveglio delle forze femminili e maschili nella loro essenza sciamanica, spirituale, corporea e mentale.<\/p>\n","protected":false},"featured_media":7503,"template":"","meta":{"_acf_changed":false},"product_brand":[],"product_cat":[140,149,90,93,278],"product_tag":[],"class_list":{"0":"post-7479","1":"product","2":"type-product","3":"status-publish","4":"has-post-thumbnail","6":"product_cat-lanterne","7":"product_cat-letteratura-di-risveglio-cat","8":"product_cat-ricerca-interiore-cat","9":"product_cat-sessualita-cat","10":"product_cat-sonia-la-marca-cat","12":"first","13":"instock","14":"shipping-taxable","15":"purchasable","16":"product-type-simple"},"acf":[],"_links":{"self":[{"href":"https:\/\/www.spaziointeriore.com\/casaeditrice\/wp-json\/wp\/v2\/product\/7479","targetHints":{"allow":["GET"]}}],"collection":[{"href":"https:\/\/www.spaziointeriore.com\/casaeditrice\/wp-json\/wp\/v2\/product"}],"about":[{"href":"https:\/\/www.spaziointeriore.com\/casaeditrice\/wp-json\/wp\/v2\/types\/product"}],"wp:featuredmedia":[{"embeddable":true,"href":"https:\/\/www.spaziointeriore.com\/casaeditrice\/wp-json\/wp\/v2\/media\/7503"}],"wp:attachment":[{"href":"https:\/\/www.spaziointeriore.com\/casaeditrice\/wp-json\/wp\/v2\/media?parent=7479"}],"wp:term":[{"taxonomy":"product_brand","embeddable":true,"href":"https:\/\/www.spaziointeriore.com\/casaeditrice\/wp-json\/wp\/v2\/product_brand?post=7479"},{"taxonomy":"product_cat","embeddable":true,"href":"https:\/\/www.spaziointeriore.com\/casaeditrice\/wp-json\/wp\/v2\/product_cat?post=7479"},{"taxonomy":"product_tag","embeddable":true,"href":"https:\/\/www.spaziointeriore.com\/casaeditrice\/wp-json\/wp\/v2\/product_tag?post=7479"}],"curies":[{"name":"wp","href":"https:\/\/api.w.org\/{rel}","templated":true}]}}

<p>Questo libro è un viaggio alchemico ed evolutivo, in cui l’Autrice ci accompagna in un cammino che esplora il risveglio delle forze femminili e maschili nella loro essenza sciamanica, spirituale, corporea e mentale. Attraverso la conoscenza delle forze della Grande Madre, veniamo condotti in un dialogo profondo con le energie di Madre Terra, radicandoci nella sua saggezza ancestrale. Questo percorso di trasformazione si snoda nella sanazione delle radici: l’albero genealogico, le relazioni che ci plasmano e soprattutto la relazione con noi stessi, primo e sacro incontro con il nostro essere. È il viaggio dell’iniziato: un cammino di consapevolezza attraverso tutte le stagioni interiori, accogliendone i doni, le opportunità, le ombre e la luce. Perché solo attraversandole fino in fondo possiamo evolverci, guarire, manifestarci, crescere e illuminarci. Le pagine di questo libro mostrano come le dinamiche della vita, dalla nostra origine primale ai giorni presenti, ci guidino in un ciclo di evoluzione continua: un invito a riscoprire il nostro posto nell’equilibrio universale, armonizzando spirito e corpo, mente e cuore, e intrecciando il nostro viaggio personale con il respiro della natura e il ritmo eterno della vita, aiutandoci a prendere consapevolezza di tutto quello che siamo e possiamo essere, a entrare in contatto con le nostre ferite, risvegliare l’istinto arcaico che possediamo e così ritrovare il nostro potere personale.</p>
<p><em>«Questo non è un libro. Questo è un viaggio. È il viaggio che, attraverso l’incontro con la Grande Madre, mi ha portata a fiorire, trasformandomi da donna inconsapevole, desiderosa di colmare il vuoto che si portava dentro, a donna in cammino alla scoperta di se stessa e della sua sacralità. Ma è anche il tuo viaggio, di te che ti appresti a leggere e a scendere dentro di te, alla scoperta di te stessa e della tua sacralità.<br />
È un viaggio attraverso le stagioni, della natura e dell’anima, che si sviluppa attraverso un percorso circolare che dall’Autunno conduce all’Estate, dalla Morte alla Manifestazione. Ed è il ciclo dell’anima, del cambiamento e di ogni percorso evolutivo, dove le quattro stagioni diventano archetipi per raccontare le quattro fasi del viaggio alchemico, personale e collettivo, che dall’ombra conduce alla luce, dal trauma alla guarigione. Il ciclo trasformativo non si esaurisce con il suo apparente compimento, ma ricomincia ogni volta da dove si è fermato per dare inizio a una nuova parabola. Ecco allora che il cerchio diventa spirale, permettendoci di toccare ogni volta livelli sempre più profondi e raggiungere gradini sempre più alti della nostra incarnazione»</em>.</p>

<p>Questo libro è un viaggio alchemico ed evolutivo, un cammino che esplora il risveglio delle forze femminili e maschili nella loro essenza sciamanica, spirituale, corporea e mentale.</p>
