{"id":7766,"date":"2026-03-27T11:46:14","date_gmt":"2026-03-27T11:46:14","guid":{"rendered":"https:\/\/www.spaziointeriore.com\/casaeditrice\/?post_type=product&#038;p=7766"},"modified":"2026-04-30T08:25:29","modified_gmt":"2026-04-30T08:25:29","slug":"maha-lila-il-gran-gioco-della-vita","status":"publish","type":"product","link":"https:\/\/www.spaziointeriore.com\/casaeditrice\/catalogo\/maha-lila-il-gran-gioco-della-vita\/","title":{"rendered":"MAHA LILA &#8211; IL GRAN GIOCO DELLA VITA"},"content":{"rendered":"<p><em>Maha Lila. Il gran gioco della vita<\/em> \u00e8 molto pi\u00f9 di un libro: \u00e8 una mappa simbolica del viaggio interiore, un gioco millenario che diventa uno strumento di autoconoscenza e trasformazione. Maurizio Cei ci accompagna attraverso le 72 caselle del tabellone, illustrato da Parama Libra, distribuite su otto piani evolutivi che vanno dai bisogni primari alla realizzazione spirituale: una\u00a0mappa che mostra la geografia dell\u2019anima\u00a0umana, una sorta di tavola periodica della coscienza che rappresenta graficamente gli stadi del viaggio interiore e le vie della trasformazione.\u00a0Ogni casella\u00a0ha un nome che porta a meditare\u00a0su\u00a0quel concetto e contiene una\u00a0 \u201clezione\u201d\u00a0che deve essere appresa e integrata. Proveniente dalla tradizione ind\u00f9 e reinterpretato con sensibilit\u00e0 contemporanea, il gioco utilizza il dado (non incluso) come strumento di sincronicit\u00e0, e fornisce uno specchio del momento presente del giocatore. Frecce e serpenti indicano salti di consapevolezza o cadute nei vizi, trasformando ogni partita in un percorso di riflessione e crescita. <em>Maha Lila<\/em>\u00a0pu\u00f2 considerarsi una pratica meditativa e allo stesso tempo uno strumento terapeutico di autoconoscenza, capace di risvegliare la consapevolezza di s\u00e9. Un\u2019opera viva, un invito a giocare seriamente il gioco della vita, a guardarsi dentro con coraggio e a riscoprire il proprio S\u00e9 autentico e il senso profondo dell\u2019esistenza.<\/p>\n<p><em>\u00ab<\/em><em>La mia intenzione non <\/em><em>\u00e8<\/em><em> quella di presentare un trattato storico-filosofico sulle origini<\/em><em>\u00a0<\/em><em>di questo gio<\/em><em>co, n<\/em><em>\u00e9<\/em><em> quella di andare in giro travestito da guru ind<\/em><em>\u00f9<\/em><em> per pontificare sugli<\/em><em>\u00a0<\/em><em>antichi insegnamenti delle <\/em><em>Upanishad <\/em><em>vediche: non saprei come farlo, non ne ho le conoscenze<\/em><em>\u00a0<\/em><em>e non <\/em><em>\u00e8<\/em><em> proprio nel mio stile n<\/em><em>\u00e9<\/em><em> nel mio <\/em><em>\u201c<\/em><em>lignaggio spirituale<\/em><em>\u201d<\/em><em>; pero s<\/em><em>\u00ec<\/em><em>, credo che<\/em><em>\u00a0<\/em><em>questo strumento, cos<\/em><em>\u00ec<\/em><em> flessibile, cos<\/em><em>\u00ec<\/em><em> inclusivo, cos<\/em><em>\u00ec<\/em><em> in linea con la <\/em>philosophia perennis<em>, sia<\/em><em>\u00a0<\/em><em>capace di veicolare come pochi altri una sintesi tra i vari percorsi spirituali, terapeutici ed<\/em><em>\u00a0<\/em><em>educativi che mirano all<\/em><em>\u2019<\/em><em>obiettivo comune dello stadio finale dello sviluppo del potenziale<\/em><em>\u00a0<\/em><em>umano<\/em><em>\u00a0<\/em><em>\u00bb.<\/em><em>\u00a0<\/em>Maurizio Cei<\/p>\n<p>&nbsp;<\/p>\n","protected":false},"excerpt":{"rendered":"<p><em><strong>LIBRO + TABELLONE RIPIEGABILE<\/strong><\/em><em><strong>\u00a0<\/strong><\/em><em><strong>+ <\/strong><\/em><em><strong>DADO<\/strong><\/em><\/p>\n<p><strong><em>TABELLONE DI GIOCO DI<\/em> <a href=\"https:\/\/www.spaziointeriore.com\/casaeditrice\/team\/parama-libra\/\">PARAMA LIBRA<\/a><\/strong><\/p>\n<p>Il gioco millenario che diventa strumento terapeutico di\u00a0autoconoscenza e trasformazione capace di risvegliare la\u00a0consapevolezza di s\u00e9: nel libro, Cei ci accompagna attraverso le 72\u00a0caselle del tabellone in un percorso profondo, personale e\u00a0universale fino alla riscoperta del nostro autentico S\u00e9.<\/p>\n","protected":false},"featured_media":7767,"template":"","meta":{"_acf_changed":false},"product_brand":[],"product_cat":[146,149,282,54,283,90],"product_tag":[],"class_list":{"0":"post-7766","1":"product","2":"type-product","3":"status-publish","4":"has-post-thumbnail","6":"product_cat-fuori-collana","7":"product_cat-letteratura-di-risveglio-cat","8":"product_cat-maurizio-cei-cat","9":"product_cat-novita","10":"product_cat-parama-libra-cat","11":"product_cat-ricerca-interiore-cat","13":"first","14":"instock","15":"shipping-taxable","16":"purchasable","17":"product-type-simple"},"acf":[],"_links":{"self":[{"href":"https:\/\/www.spaziointeriore.com\/casaeditrice\/wp-json\/wp\/v2\/product\/7766","targetHints":{"allow":["GET"]}}],"collection":[{"href":"https:\/\/www.spaziointeriore.com\/casaeditrice\/wp-json\/wp\/v2\/product"}],"about":[{"href":"https:\/\/www.spaziointeriore.com\/casaeditrice\/wp-json\/wp\/v2\/types\/product"}],"wp:featuredmedia":[{"embeddable":true,"href":"https:\/\/www.spaziointeriore.com\/casaeditrice\/wp-json\/wp\/v2\/media\/7767"}],"wp:attachment":[{"href":"https:\/\/www.spaziointeriore.com\/casaeditrice\/wp-json\/wp\/v2\/media?parent=7766"}],"wp:term":[{"taxonomy":"product_brand","embeddable":true,"href":"https:\/\/www.spaziointeriore.com\/casaeditrice\/wp-json\/wp\/v2\/product_brand?post=7766"},{"taxonomy":"product_cat","embeddable":true,"href":"https:\/\/www.spaziointeriore.com\/casaeditrice\/wp-json\/wp\/v2\/product_cat?post=7766"},{"taxonomy":"product_tag","embeddable":true,"href":"https:\/\/www.spaziointeriore.com\/casaeditrice\/wp-json\/wp\/v2\/product_tag?post=7766"}],"curies":[{"name":"wp","href":"https:\/\/api.w.org\/{rel}","templated":true}]}}