{"id":7817,"date":"2026-05-04T12:23:01","date_gmt":"2026-05-04T12:23:01","guid":{"rendered":"https:\/\/www.spaziointeriore.com\/casaeditrice\/?post_type=product&#038;p=7817"},"modified":"2026-05-04T12:31:40","modified_gmt":"2026-05-04T12:31:40","slug":"giza-la-citta-svelata","status":"publish","type":"product","link":"https:\/\/www.spaziointeriore.com\/casaeditrice\/catalogo\/giza-la-citta-svelata\/","title":{"rendered":"GIZA \u2013 LA CITT\u00c0 SVELATA"},"content":{"rendered":"<p><em>Giza \u2013 La citt\u00e0 svelata <\/em>\u00e8 il resoconto di una scoperta che\u00a0pu\u00f2 cambiare la storia passata e quella futura, l\u2019attesissimo\u00a0prosieguo dell\u2019ormai celebre ricerca sui misteri dell\u2019Egitto\u00a0inaugurata in <em>Khnum-Khufu. Cheope: la fine di un mistero<\/em>.\u00a0Allargando lo sguardo all\u2019intera Piana di Giza e grazie alla\u00a0tecnologia SAR, Malanga, Biondi e Mei documentano l\u2019esistenza\u00a0di una vasta citt\u00e0 sotterranea collegata alle piramidi\u00a0da strutture verticali e orizzontali monumentali: condotti\u00a0perfettamente allineati, camere immense, cinque livelli sovrapposti\u00a0nella piramide di Chefren simili allo Zed individuato\u00a0in Cheope, e tracce analoghe in Micerino, come se l\u2019intera\u00a0piana fosse solo la superficie di un organismo pi\u00f9 grande. Il\u00a0volume ricostruisce il percorso della ricerca: dagli indizi simbolici\u00a0presenti nei miti alla raccolta ed elaborazione dei dati\u00a0SAR e delle tomografie, fino al confronto con reperti sumeri,\u00a0piramidi cinesi, simboli mesoamericani e glifi australiani,\u00a0che sembrano convergere verso un\u2019unica matrice culturale\u00a0avanzata. Un\u2019indagine che sfida il silenzio della comunit\u00e0\u00a0scientifica e invita a guardare sotto l\u2019insabbiamento \u2013 reale\u00a0e metaforico \u2013 affinch\u00e9 cada il velo che ancora tenta di nascondere\u00a0le vere origini dell\u2019umanit\u00e0.<\/p>\n<p><em>\u00ab<\/em><em>L\u2019universo reale \u00e8 sostanzialmente al di fuori di spazio e tempo, \u00e8 eterno e immutabile, mentre la mappa dipende dalla tua consapevolezza di osservatore. Se sei un osservatore super<\/em><em>f<\/em><em>iciale vedrai pochi particolari, ma se sei un attento ricercatore e un accanito detective, molti saranno i particolari che ai pi\u00f9 non sono e non saranno mai conoscibili. Va da s\u00e9 che, con que<\/em><em>ste premesse, ognuno di noi veda la realt\u00e0 non come essa \u00e8, ma come egli sia in grado di concepirla. Di fronte a una formula f<\/em><em>isica che descrive un qualsiasi fenomeno dell\u2019universo, ognuno vedr\u00e0 qualcosa che va oltre lo stesso algoritmo. Analogamen<\/em><em>te, di fronte a un evento storico, ognuno di noi interpreter\u00e0 quell\u2019evento in modo pi\u00f9 o meno sofisticato. \u00c8 evidente che ci sar\u00e0 una maggioranza che vede la storia come gli viene insegna<\/em><em>ta sui libri e pochi soltanto che, sfidando il proprio insegnante, si faranno domande che la maggior parte degli altri studenti non avrebbe nessuna necessit\u00e0 di porsi. <\/em><em>Ed \u00e8 qui che il contenuto di questo libro svolge il suo com<\/em><em>pito, descrivendo luci e ombre di una vicenda che ci ha visti al centro di una comunicazione mediatica senza precedenti<\/em><em>\u00bb.<\/em><\/p>\n<p>Corrado Malanga, Filippo Biondi e Armando Mei<\/p>\n","protected":false},"excerpt":{"rendered":"<p>Il nuovo capitolo della ricerca di Malanga, Biondi e Mei: <em>Giza \u2013 La<\/em><em>\u00a0<\/em><em>citt\u00e0 svelata <\/em>rivela, grazie alla tecnologia SAR, la citt\u00e0 sotterranea\u00a0nascosta sotto la Piana di Giza. Un\u2019indagine che sfida il silenzio\u00a0ufficiale e riapre il dibattito sulle vere origini dell\u2019umanit\u00e0.<\/p>\n<p>&nbsp;<\/p>\n","protected":false},"featured_media":7818,"template":"","meta":{"_acf_changed":false},"product_brand":[],"product_cat":[285,185,86,265,53,68,90,92],"product_tag":[],"class_list":{"0":"post-7817","1":"product","2":"type-product","3":"status-publish","4":"has-post-thumbnail","6":"product_cat-armando-mei-cat","7":"product_cat-corrado-malanga-cat","8":"product_cat-dimensioni-della-coscienza-cat","9":"product_cat-filippo-biondi-cat","10":"product_cat-in-arrivo","11":"product_cat-nonordinari","12":"product_cat-ricerca-interiore-cat","13":"product_cat-scienze-di-confine-cat","15":"first","16":"instock","17":"shipping-taxable","18":"purchasable","19":"product-type-simple"},"acf":[],"_links":{"self":[{"href":"https:\/\/www.spaziointeriore.com\/casaeditrice\/wp-json\/wp\/v2\/product\/7817","targetHints":{"allow":["GET"]}}],"collection":[{"href":"https:\/\/www.spaziointeriore.com\/casaeditrice\/wp-json\/wp\/v2\/product"}],"about":[{"href":"https:\/\/www.spaziointeriore.com\/casaeditrice\/wp-json\/wp\/v2\/types\/product"}],"wp:featuredmedia":[{"embeddable":true,"href":"https:\/\/www.spaziointeriore.com\/casaeditrice\/wp-json\/wp\/v2\/media\/7818"}],"wp:attachment":[{"href":"https:\/\/www.spaziointeriore.com\/casaeditrice\/wp-json\/wp\/v2\/media?parent=7817"}],"wp:term":[{"taxonomy":"product_brand","embeddable":true,"href":"https:\/\/www.spaziointeriore.com\/casaeditrice\/wp-json\/wp\/v2\/product_brand?post=7817"},{"taxonomy":"product_cat","embeddable":true,"href":"https:\/\/www.spaziointeriore.com\/casaeditrice\/wp-json\/wp\/v2\/product_cat?post=7817"},{"taxonomy":"product_tag","embeddable":true,"href":"https:\/\/www.spaziointeriore.com\/casaeditrice\/wp-json\/wp\/v2\/product_tag?post=7817"}],"curies":[{"name":"wp","href":"https:\/\/api.w.org\/{rel}","templated":true}]}}